{"id":99094,"date":"2025-12-09T00:15:06","date_gmt":"2025-12-09T03:15:06","guid":{"rendered":"https:\/\/asbaratas.com.br\/loja\/?post_type=product&#038;p=99094"},"modified":"2026-04-17T19:31:38","modified_gmt":"2026-04-17T22:31:38","slug":"esfera","status":"publish","type":"product","link":"https:\/\/asbaratas.com.br\/loja\/produto\/esfera\/","title":{"rendered":"\u00c9SFERA"},"content":{"rendered":"<p>A camiseta oficial da HQ \u201c\u00c9SFERA\u201d, de Alexandre Callari e Alan Patrick, lan\u00e7ada pelo selo Original Pipoca &amp; Nanquim! Com arte inspirada pela MMA, ressaltando o clima da obra. Impress\u00e3o em branco sobre tecido preto na frente e nas costas.<\/p>\n<p>Malha em 100% algod\u00e3o na cor preto com estampa em silk em cromia de alta qualidade.<\/p>\n<p>A taxa de encolhimento \u00e9 em m\u00e9dia 3% variando dos m\u00e9todos de lavagem.<\/p>\n<p>DICAS PARA SUA CAMISETA DURAR MUITO:<br \/>\n\u2022 LAVE COM \u00c1GUA FRIA<br \/>\n\u2022 PASSE ELA DO AVESSO<br \/>\n\u2022 N\u00c3O COLOQUE NA M\u00c1QUINA DE SECAR<br \/>\n\u2022 N\u00c3O DEIXE DE MOLHO<br \/>\n\u2022 SEMPRE SEQUE \u00c0 SOMBRA<\/p>\n<p>As camisetas s\u00e3o despachadas em at\u00e9 3 dias \u00fateis.<\/p>\n","protected":false},"excerpt":{"rendered":"<p>A camiseta oficial da HQ \u201c\u00c9SFERA\u201d, de Alexandre Callari e Alan Patrick, lan\u00e7ada pelo selo Original Pipoca &amp; Nanquim! Com arte inspirada pela MMA, ressaltando o clima da obra. Impress\u00e3o em branco sobre tecido preto na frente e nas costas. Malha em 100% algod\u00e3o na cor preto com estampa em silk em cromia de alta [&#8230;]\n","protected":false},"featured_media":99165,"comment_status":"open","ping_status":"closed","template":"","meta":[],"product_brand":[],"product_cat":[83],"product_tag":[1109,182,181,194,1106,2073,183,195,683,191,190,184,1101,688,1100,193,228,1181,1105],"class_list":{"0":"post-99094","1":"product","2":"type-product","3":"status-publish","4":"has-post-thumbnail","6":"product_cat-camiseta-reta","7":"product_tag-alexandre","8":"product_tag-camisa","9":"product_tag-camiseta","10":"product_tag-comics","11":"product_tag-daniel","12":"product_tag-esfera","13":"product_tag-estampa","14":"product_tag-gibi","15":"product_tag-grupo","16":"product_tag-historia-em-quadrinhos","17":"product_tag-hq","18":"product_tag-ilustracao","19":"product_tag-nanquim","20":"product_tag-nerd","21":"product_tag-pipoca","22":"product_tag-quadrinhos","23":"product_tag-revista-em-quadrinhos","24":"product_tag-universo","25":"product_tag-zago","26":"pa_artista-pn","27":"pa_cor-preto","28":"pa_tamanho-2g","29":"pa_tamanho-3g","30":"pa_tamanho-4g","31":"pa_tamanho-5g","32":"pa_tamanho-g","33":"pa_tamanho-m","34":"pa_tamanho-p","35":"pa_tamanho-pp","36":"pa_tema-HQ","37":"pa_tema-oficial","38":"product_type-variable","72":"first","73":"instock","74":"shipping-taxable","75":"purchasable","76":"product-type-variable"},"_links":{"self":[{"href":"https:\/\/asbaratas.com.br\/loja\/wp-json\/wp\/v2\/product\/99094","targetHints":{"allow":["GET"]}}],"collection":[{"href":"https:\/\/asbaratas.com.br\/loja\/wp-json\/wp\/v2\/product"}],"about":[{"href":"https:\/\/asbaratas.com.br\/loja\/wp-json\/wp\/v2\/types\/product"}],"replies":[{"embeddable":true,"href":"https:\/\/asbaratas.com.br\/loja\/wp-json\/wp\/v2\/comments?post=99094"}],"wp:featuredmedia":[{"embeddable":true,"href":"https:\/\/asbaratas.com.br\/loja\/wp-json\/wp\/v2\/media\/99165"}],"wp:attachment":[{"href":"https:\/\/asbaratas.com.br\/loja\/wp-json\/wp\/v2\/media?parent=99094"}],"wp:term":[{"taxonomy":"product_brand","embeddable":true,"href":"https:\/\/asbaratas.com.br\/loja\/wp-json\/wp\/v2\/product_brand?post=99094"},{"taxonomy":"product_cat","embeddable":true,"href":"https:\/\/asbaratas.com.br\/loja\/wp-json\/wp\/v2\/product_cat?post=99094"},{"taxonomy":"product_tag","embeddable":true,"href":"https:\/\/asbaratas.com.br\/loja\/wp-json\/wp\/v2\/product_tag?post=99094"}],"curies":[{"name":"wp","href":"https:\/\/api.w.org\/{rel}","templated":true}]}}

ÉSFERA

<p>A camiseta oficial da HQ “ÉSFERA”, de Alexandre Callari e Alan Patrick, lançada pelo selo Original Pipoca &amp; Nanquim! Com arte inspirada pela MMA, ressaltando o clima da obra. Impressão em branco sobre tecido preto na frente e nas costas.</p>
<p>Malha em 100% algodão na cor preto com estampa em silk em cromia de alta qualidade.</p>
<p>A taxa de encolhimento é em média 3% variando dos métodos de lavagem.</p>
<p>DICAS PARA SUA CAMISETA DURAR MUITO:<br />
• LAVE COM ÁGUA FRIA<br />
• PASSE ELA DO AVESSO<br />
• NÃO COLOQUE NA MÁQUINA DE SECAR<br />
• NÃO DEIXE DE MOLHO<br />
• SEMPRE SEQUE À SOMBRA</p>
<p>As camisetas são despachadas em até 3 dias úteis.</p>

<p>A camiseta oficial da HQ “ÉSFERA”, de Alexandre Callari e Alan Patrick, lançada pelo selo Original Pipoca &amp; Nanquim! Com arte inspirada pela MMA, ressaltando o clima da obra. Impressão em branco sobre tecido preto na frente e nas costas. Malha em 100% algodão na cor preto com estampa em silk em cromia de alta [&#8230;]
