{"id":99092,"date":"2025-12-09T00:12:44","date_gmt":"2025-12-09T03:12:44","guid":{"rendered":"https:\/\/asbaratas.com.br\/loja\/?post_type=product&#038;p=99092"},"modified":"2026-04-07T15:07:45","modified_gmt":"2026-04-07T18:07:45","slug":"bone-jogabilidade-25-aba-curva","status":"publish","type":"product","link":"https:\/\/asbaratas.com.br\/loja\/produto\/bone-jogabilidade-25-aba-curva\/","title":{"rendered":"BON\u00c9 \u2022 JOGABILIDADE 25 ABA CURVA"},"content":{"rendered":"<p>Bon\u00e9 oficial do pessoal do jogabilida.de na sua vers\u00e3o 2025 exclusiva para o Jogabiliday25!<\/p>\n<p>Bon\u00e9 Baseball fechado com aplica\u00e7\u00e3o em bordado de alta qualidade na frente e atr\u00e1s!.<\/p>\n<p>Tamanho \u00fanico com regulagem.<\/p>\n<p>Todos produtos adquiridos junto com esse ser\u00e3o enviados juntos quando chegarem os produtos em pr\u00e9-venda.<\/p>\n","protected":false},"excerpt":{"rendered":"<p>Bon\u00e9 oficial do pessoal do jogabilida.de na sua vers\u00e3o 2025 exclusiva para o Jogabiliday25! Bon\u00e9 Baseball fechado com aplica\u00e7\u00e3o em bordado de alta qualidade na frente e atr\u00e1s!. Tamanho \u00fanico com regulagem. Todos produtos adquiridos junto com esse ser\u00e3o enviados juntos quando chegarem os produtos em pr\u00e9-venda.<\/p>\n","protected":false},"featured_media":99194,"comment_status":"closed","ping_status":"closed","template":"","meta":[],"product_brand":[],"product_cat":[1490,1488],"product_tag":[1597,2065],"class_list":{"0":"post-99092","1":"product","2":"type-product","3":"status-publish","4":"has-post-thumbnail","6":"product_cat-americano-fechado","7":"product_cat-bone","8":"product_tag-jogabilidade","9":"product_tag-jogabiliday","10":"pa_artista-jogabilidade","11":"pa_tema-oficial","12":"pa_tema-Podcast","13":"product_type-simple","22":"first","23":"instock","24":"shipping-taxable","25":"purchasable","26":"product-type-simple"},"_links":{"self":[{"href":"https:\/\/asbaratas.com.br\/loja\/wp-json\/wp\/v2\/product\/99092","targetHints":{"allow":["GET"]}}],"collection":[{"href":"https:\/\/asbaratas.com.br\/loja\/wp-json\/wp\/v2\/product"}],"about":[{"href":"https:\/\/asbaratas.com.br\/loja\/wp-json\/wp\/v2\/types\/product"}],"replies":[{"embeddable":true,"href":"https:\/\/asbaratas.com.br\/loja\/wp-json\/wp\/v2\/comments?post=99092"}],"wp:featuredmedia":[{"embeddable":true,"href":"https:\/\/asbaratas.com.br\/loja\/wp-json\/wp\/v2\/media\/99194"}],"wp:attachment":[{"href":"https:\/\/asbaratas.com.br\/loja\/wp-json\/wp\/v2\/media?parent=99092"}],"wp:term":[{"taxonomy":"product_brand","embeddable":true,"href":"https:\/\/asbaratas.com.br\/loja\/wp-json\/wp\/v2\/product_brand?post=99092"},{"taxonomy":"product_cat","embeddable":true,"href":"https:\/\/asbaratas.com.br\/loja\/wp-json\/wp\/v2\/product_cat?post=99092"},{"taxonomy":"product_tag","embeddable":true,"href":"https:\/\/asbaratas.com.br\/loja\/wp-json\/wp\/v2\/product_tag?post=99092"}],"curies":[{"name":"wp","href":"https:\/\/api.w.org\/{rel}","templated":true}]}}