{"id":98450,"date":"2025-10-09T17:06:11","date_gmt":"2025-10-09T20:06:11","guid":{"rendered":"https:\/\/asbaratas.com.br\/loja\/?post_type=product&#038;p=98450"},"modified":"2026-03-25T18:54:07","modified_gmt":"2026-03-25T21:54:07","slug":"nosferatu","status":"publish","type":"product","link":"https:\/\/asbaratas.com.br\/loja\/produto\/nosferatu\/","title":{"rendered":"NOSFERATU DEVASTATION"},"content":{"rendered":"<p>Nosferatu chegou devastando geral tocando as trombetas da sinfonia das SEPULTURAS nessa estampa mais truzona e metal poss\u00edvel.<\/p>\n<p>Malha em 100% algod\u00e3o na cor preta com estampa em silk de alta qualidade.<\/p>\n<p>A taxa de encolhimento \u00e9 em m\u00e9dia 3% variando dos m\u00e9todos de lavagem.<\/p>\n<p>DICAS PARA SUA CAMISETA DURAR MUITO:<br \/>\n\u2022 LAVE COM \u00c1GUA FRIA<br \/>\n\u2022 PASSE ELA DO AVESSO<br \/>\n\u2022 N\u00c3O COLOQUE NA M\u00c1QUINA DE SECAR<br \/>\n\u2022 N\u00c3O DEIXE DE MOLHO<br \/>\n\u2022 SEMPRE SEQUE \u00c0 SOMBRA<\/p>\n<p>Arte por Lobo Ramirez<\/p>\n<p>As camisetas s\u00e3o despachadas em at\u00e9 3 dias \u00fateis.<\/p>\n","protected":false},"excerpt":{"rendered":"<p>Nosferatu chegou devastando geral tocando as trombetas da sinfonia das SEPULTURAS nessa estampa mais truzona e metal poss\u00edvel. Malha em 100% algod\u00e3o na cor preta com estampa em silk de alta qualidade. A taxa de encolhimento \u00e9 em m\u00e9dia 3% variando dos m\u00e9todos de lavagem. DICAS PARA SUA CAMISETA DURAR MUITO: \u2022 LAVE COM \u00c1GUA [&#8230;]\n","protected":false},"featured_media":98497,"comment_status":"open","ping_status":"closed","template":"","meta":[],"product_brand":[],"product_cat":[83],"product_tag":[1234,948,650,655,1999,2001,182,181,656,2004,213,929,652,2000,1192,1090,1231,183,212,190,1233,2003,184,1235,1998,654,1996,1995,1236,658,1997,657,2002,962],"class_list":{"0":"post-98450","1":"product","2":"type-product","3":"status-publish","4":"has-post-thumbnail","6":"product_cat-camiseta-reta","7":"product_tag-1234","8":"product_tag-80s","9":"product_tag-arnold","10":"product_tag-ator","11":"product_tag-bestial","12":"product_tag-boris","13":"product_tag-camisa","14":"product_tag-camiseta","15":"product_tag-capa","16":"product_tag-cavallera","17":"product_tag-cinema","18":"product_tag-comix","19":"product_tag-conan","20":"product_tag-devastation","21":"product_tag-die","22":"product_tag-doidera","23":"product_tag-escoria","24":"product_tag-estampa","25":"product_tag-filme","26":"product_tag-hq","27":"product_tag-hunt","28":"product_tag-igor","29":"product_tag-ilustracao","30":"product_tag-lobo","31":"product_tag-morbid","32":"product_tag-movie","33":"product_tag-nosferato","34":"product_tag-nosferatu","35":"product_tag-ramirez","36":"product_tag-rei","37":"product_tag-sepultura","38":"product_tag-trono","39":"product_tag-vallejo","40":"product_tag-vampiro","41":"pa_artista-lobo-ramirez","42":"pa_cor-preto","43":"pa_tamanho-2g","44":"pa_tamanho-3g","45":"pa_tamanho-4g","46":"pa_tamanho-5g","47":"pa_tamanho-g","48":"pa_tamanho-m","49":"pa_tamanho-p","50":"pa_tamanho-pp","51":"pa_tema-arte","52":"pa_tema-Cinema","53":"pa_tema-Humor","54":"pa_tema-Mashup","55":"pa_tema-Musica","56":"pa_tema-Parodia","57":"product_type-variable","59":"product_tag-80","110":"first","111":"instock","112":"shipping-taxable","113":"purchasable","114":"product-type-variable"},"_links":{"self":[{"href":"https:\/\/asbaratas.com.br\/loja\/wp-json\/wp\/v2\/product\/98450","targetHints":{"allow":["GET"]}}],"collection":[{"href":"https:\/\/asbaratas.com.br\/loja\/wp-json\/wp\/v2\/product"}],"about":[{"href":"https:\/\/asbaratas.com.br\/loja\/wp-json\/wp\/v2\/types\/product"}],"replies":[{"embeddable":true,"href":"https:\/\/asbaratas.com.br\/loja\/wp-json\/wp\/v2\/comments?post=98450"}],"wp:featuredmedia":[{"embeddable":true,"href":"https:\/\/asbaratas.com.br\/loja\/wp-json\/wp\/v2\/media\/98497"}],"wp:attachment":[{"href":"https:\/\/asbaratas.com.br\/loja\/wp-json\/wp\/v2\/media?parent=98450"}],"wp:term":[{"taxonomy":"product_brand","embeddable":true,"href":"https:\/\/asbaratas.com.br\/loja\/wp-json\/wp\/v2\/product_brand?post=98450"},{"taxonomy":"product_cat","embeddable":true,"href":"https:\/\/asbaratas.com.br\/loja\/wp-json\/wp\/v2\/product_cat?post=98450"},{"taxonomy":"product_tag","embeddable":true,"href":"https:\/\/asbaratas.com.br\/loja\/wp-json\/wp\/v2\/product_tag?post=98450"}],"curies":[{"name":"wp","href":"https:\/\/api.w.org\/{rel}","templated":true}]}}