{"id":98415,"date":"2025-10-09T17:00:33","date_gmt":"2025-10-09T20:00:33","guid":{"rendered":"https:\/\/asbaratas.com.br\/loja\/?post_type=product&#038;p=98415"},"modified":"2026-04-04T12:54:07","modified_gmt":"2026-04-04T15:54:07","slug":"brazy-vs-bride","status":"publish","type":"product","link":"https:\/\/asbaratas.com.br\/loja\/produto\/brazy-vs-bride\/","title":{"rendered":"CRAZY 88 vs BRIDE"},"content":{"rendered":"<p>88 malucos versus uma noiva atr\u00e1s de vingan\u00e7a, voc\u00ea sabe que isso n\u00e3o vai acabar bem&#8230;<\/p>\n<p>&nbsp;<\/p>\n<p>Malha em 100% algod\u00e3o na cor preta com estampa em silk de alta qualidade.<\/p>\n<p>A taxa de encolhimento \u00e9 em m\u00e9dia 3% variando dos m\u00e9todos de lavagem.<\/p>\n<p>DICAS PARA SUA CAMISETA DURAR MUITO:<br \/>\n\u2022 LAVE COM \u00c1GUA FRIA<br \/>\n\u2022 PASSE ELA DO AVESSO<br \/>\n\u2022 N\u00c3O COLOQUE NA M\u00c1QUINA DE SECAR<br \/>\n\u2022 N\u00c3O DEIXE DE MOLHO<br \/>\n\u2022 SEMPRE SEQUE \u00c0 SOMBRA<\/p>\n<p>Arte por\u00a0Paulo Rocker.<br \/>\nConhe\u00e7a seu trabalho em http:\/\/paulorocker.deviantart.com<\/p>\n<p>As camisetas s\u00e3o despachadas em at\u00e9 3 dias \u00fateis.<\/p>\n","protected":false},"excerpt":{"rendered":"<p>88 malucos versus uma noiva atr\u00e1s de vingan\u00e7a, voc\u00ea sabe que isso n\u00e3o vai acabar bem&#8230; &nbsp; Malha em 100% algod\u00e3o na cor preta com estampa em silk de alta qualidade. A taxa de encolhimento \u00e9 em m\u00e9dia 3% variando dos m\u00e9todos de lavagem. DICAS PARA SUA CAMISETA DURAR MUITO: \u2022 LAVE COM \u00c1GUA FRIA [&#8230;]\n","protected":false},"featured_media":98493,"comment_status":"open","ping_status":"closed","template":"","meta":[],"product_brand":[],"product_cat":[83],"product_tag":[2022,266,2021,182,181,532,528,213,2025,2024,524,183,212,203,2023,2020,286,285,533,2026,525,526,287,451,530,529,267,531],"class_list":{"0":"post-98415","1":"product","2":"type-product","3":"status-publish","4":"has-post-thumbnail","6":"product_cat-camiseta-reta","7":"product_tag-2022","8":"product_tag-bill","9":"product_tag-bride","10":"product_tag-camisa","11":"product_tag-camiseta","12":"product_tag-cassandra","13":"product_tag-cassandra-peterson","14":"product_tag-cinema","15":"product_tag-crazies","16":"product_tag-crazy","17":"product_tag-elvira","18":"product_tag-estampa","19":"product_tag-filme","20":"product_tag-kill","21":"product_tag-malucos","22":"product_tag-noiva","23":"product_tag-paulo","24":"product_tag-paulo-rocker","25":"product_tag-peterson","26":"product_tag-placar","27":"product_tag-rainha","28":"product_tag-rainha-das-trevas","29":"product_tag-rocker","30":"product_tag-sbt","31":"product_tag-sessao","32":"product_tag-sessao-da-tarde","33":"product_tag-tarantino","34":"product_tag-tarde","35":"pa_artista-paulorocker","36":"pa_cor-preto","37":"pa_tamanho-2g","38":"pa_tamanho-3g","39":"pa_tamanho-4g","40":"pa_tamanho-5g","41":"pa_tamanho-g","42":"pa_tamanho-m","43":"pa_tamanho-p","44":"pa_tamanho-pp","45":"pa_tema-arte","46":"pa_tema-Cinema","47":"pa_tema-Humor","48":"pa_tema-Parodia","49":"product_type-variable","51":"product_tag-88","94":"first","95":"instock","96":"shipping-taxable","97":"purchasable","98":"product-type-variable","99":"has-default-attributes"},"_links":{"self":[{"href":"https:\/\/asbaratas.com.br\/loja\/wp-json\/wp\/v2\/product\/98415","targetHints":{"allow":["GET"]}}],"collection":[{"href":"https:\/\/asbaratas.com.br\/loja\/wp-json\/wp\/v2\/product"}],"about":[{"href":"https:\/\/asbaratas.com.br\/loja\/wp-json\/wp\/v2\/types\/product"}],"replies":[{"embeddable":true,"href":"https:\/\/asbaratas.com.br\/loja\/wp-json\/wp\/v2\/comments?post=98415"}],"wp:featuredmedia":[{"embeddable":true,"href":"https:\/\/asbaratas.com.br\/loja\/wp-json\/wp\/v2\/media\/98493"}],"wp:attachment":[{"href":"https:\/\/asbaratas.com.br\/loja\/wp-json\/wp\/v2\/media?parent=98415"}],"wp:term":[{"taxonomy":"product_brand","embeddable":true,"href":"https:\/\/asbaratas.com.br\/loja\/wp-json\/wp\/v2\/product_brand?post=98415"},{"taxonomy":"product_cat","embeddable":true,"href":"https:\/\/asbaratas.com.br\/loja\/wp-json\/wp\/v2\/product_cat?post=98415"},{"taxonomy":"product_tag","embeddable":true,"href":"https:\/\/asbaratas.com.br\/loja\/wp-json\/wp\/v2\/product_tag?post=98415"}],"curies":[{"name":"wp","href":"https:\/\/api.w.org\/{rel}","templated":true}]}}