{"id":98406,"date":"2025-10-09T16:59:36","date_gmt":"2025-10-09T19:59:36","guid":{"rendered":"https:\/\/asbaratas.com.br\/loja\/?post_type=product&#038;p=98406"},"modified":"2026-03-29T22:59:15","modified_gmt":"2026-03-30T01:59:15","slug":"moon","status":"publish","type":"product","link":"https:\/\/asbaratas.com.br\/loja\/produto\/moon\/","title":{"rendered":"Beware the MOOON!"},"content":{"rendered":"<p>Se estiver em Londres cuidado com a Lua!<\/p>\n<p>Malha em 100% algod\u00e3o na cor preta com estampa em silk de alta qualidade.<\/p>\n<p>A taxa de encolhimento \u00e9 em m\u00e9dia 3% variando dos m\u00e9todos de lavagem.<\/p>\n<p>DICAS PARA SUA CAMISETA DURAR MUITO:<br \/>\n\u2022 LAVE COM \u00c1GUA FRIA<br \/>\n\u2022 PASSE ELA DO AVESSO<br \/>\n\u2022 N\u00c3O COLOQUE NA M\u00c1QUINA DE SECAR<br \/>\n\u2022 N\u00c3O DEIXE DE MOLHO<br \/>\n\u2022 SEMPRE SEQUE \u00c0 SOMBRA<\/p>\n<p>Arte por Kiko Garcia<\/p>\n<p>As camisetas s\u00e3o despachadas em at\u00e9 3 dias \u00fateis.<\/p>\n","protected":false},"excerpt":{"rendered":"<p>Se estiver em Londres cuidado com a Lua! Malha em 100% algod\u00e3o na cor preta com estampa em silk de alta qualidade. A taxa de encolhimento \u00e9 em m\u00e9dia 3% variando dos m\u00e9todos de lavagem. DICAS PARA SUA CAMISETA DURAR MUITO: \u2022 LAVE COM \u00c1GUA FRIA \u2022 PASSE ELA DO AVESSO \u2022 N\u00c3O COLOQUE NA [&#8230;]\n","protected":false},"featured_media":98496,"comment_status":"open","ping_status":"closed","template":"","meta":[],"product_brand":[],"product_cat":[83],"product_tag":[1234,948,2031,182,181,213,969,968,1238,505,183,212,964,967,2028,2029,1842,2030,1727,451,1237,531,536,2027],"class_list":{"0":"post-98406","1":"product","2":"type-product","3":"status-publish","4":"has-post-thumbnail","6":"product_cat-camiseta-reta","7":"product_tag-1234","8":"product_tag-80s","9":"product_tag-beware","10":"product_tag-camisa","11":"product_tag-camiseta","12":"product_tag-cinema","13":"product_tag-classico","14":"product_tag-classicos","15":"product_tag-coisa","16":"product_tag-dead","17":"product_tag-estampa","18":"product_tag-filme","19":"product_tag-filmland","20":"product_tag-lobisomem","21":"product_tag-londers","22":"product_tag-london","23":"product_tag-londres","24":"product_tag-moon","25":"product_tag-return","26":"product_tag-sbt","27":"product_tag-stuff","28":"product_tag-tarde","29":"product_tag-terror","30":"product_tag-werewolf","31":"pa_artista-kiko-garcia","32":"pa_cor-preto","33":"pa_tamanho-2g","34":"pa_tamanho-3g","35":"pa_tamanho-4g","36":"pa_tamanho-5g","37":"pa_tamanho-g","38":"pa_tamanho-m","39":"pa_tamanho-p","40":"pa_tamanho-pp","41":"pa_tema-arte","42":"pa_tema-Cinema","43":"pa_tema-Humor","44":"pa_tema-Mashup","45":"pa_tema-Parodia","46":"product_type-variable","48":"product_tag-80","88":"first","89":"instock","90":"shipping-taxable","91":"purchasable","92":"product-type-variable"},"_links":{"self":[{"href":"https:\/\/asbaratas.com.br\/loja\/wp-json\/wp\/v2\/product\/98406","targetHints":{"allow":["GET"]}}],"collection":[{"href":"https:\/\/asbaratas.com.br\/loja\/wp-json\/wp\/v2\/product"}],"about":[{"href":"https:\/\/asbaratas.com.br\/loja\/wp-json\/wp\/v2\/types\/product"}],"replies":[{"embeddable":true,"href":"https:\/\/asbaratas.com.br\/loja\/wp-json\/wp\/v2\/comments?post=98406"}],"wp:featuredmedia":[{"embeddable":true,"href":"https:\/\/asbaratas.com.br\/loja\/wp-json\/wp\/v2\/media\/98496"}],"wp:attachment":[{"href":"https:\/\/asbaratas.com.br\/loja\/wp-json\/wp\/v2\/media?parent=98406"}],"wp:term":[{"taxonomy":"product_brand","embeddable":true,"href":"https:\/\/asbaratas.com.br\/loja\/wp-json\/wp\/v2\/product_brand?post=98406"},{"taxonomy":"product_cat","embeddable":true,"href":"https:\/\/asbaratas.com.br\/loja\/wp-json\/wp\/v2\/product_cat?post=98406"},{"taxonomy":"product_tag","embeddable":true,"href":"https:\/\/asbaratas.com.br\/loja\/wp-json\/wp\/v2\/product_tag?post=98406"}],"curies":[{"name":"wp","href":"https:\/\/api.w.org\/{rel}","templated":true}]}}