{"id":97997,"date":"2025-07-29T19:37:33","date_gmt":"2025-07-29T22:37:33","guid":{"rendered":"https:\/\/asbaratas.com.br\/loja\/?post_type=product&#038;p=97997"},"modified":"2026-04-13T15:29:26","modified_gmt":"2026-04-13T18:29:26","slug":"bone-dinolover","status":"publish","type":"product","link":"https:\/\/asbaratas.com.br\/loja\/produto\/bone-dinolover\/","title":{"rendered":"BON\u00c9 \u2022 DINO LOVER"},"content":{"rendered":"<p>Bon\u00e9 oficial do Nerd Cr\u00f4nico AKA Tulkas um dos canais de games mais maneiros do peda\u00e7o com muito estilo e DINOSSAUROS por todos os lados! Garanta o seu bon\u00e9 e fa\u00e7a parte desse clubinho t\u00e3o descolado!<\/p>\n<p>&nbsp;<\/p>\n<p>Bon\u00e9 Americano fechado com patch ordado de alta qualidade, forro personalizado e impress\u00e3o em baixo da aba em silk.<\/p>\n<p>Tamanho \u00fanico com regulagem.<\/p>\n","protected":false},"excerpt":{"rendered":"<p>Bon\u00e9 oficial do Nerd Cr\u00f4nico AKA Tulkas um dos canais de games mais maneiros do peda\u00e7o com muito estilo e DINOSSAUROS por todos os lados! Garanta o seu bon\u00e9 e fa\u00e7a parte desse clubinho t\u00e3o descolado! &nbsp; Bon\u00e9 Americano fechado com patch ordado de alta qualidade, forro personalizado e impress\u00e3o em baixo da aba em [&#8230;]\n","protected":false},"featured_media":97985,"comment_status":"closed","ping_status":"closed","template":"","meta":[],"product_brand":[],"product_cat":[1490,1488],"product_tag":[1662,1082,1962,1959,1823,866,1960,688,1824,1680,1309,1831,1961,1830,1324,1681],"class_list":{"0":"post-97997","1":"product","2":"type-product","3":"status-publish","4":"has-post-thumbnail","6":"product_cat-americano-fechado","7":"product_cat-bone","8":"product_tag-bone","9":"product_tag-crisis","10":"product_tag-cronico","11":"product_tag-dino","12":"product_tag-gamer","13":"product_tag-games","14":"product_tag-lover","15":"product_tag-nerd","16":"product_tag-ps1","17":"product_tag-ps2","18":"product_tag-retro","19":"product_tag-sanic","20":"product_tag-tulkas","21":"product_tag-videogames","22":"product_tag-youtube","23":"product_tag-youtuber","24":"pa_artista-tulklas","25":"pa_tema-oficial","26":"pa_tema-Parodia","27":"pa_tema-Videogame","28":"product_type-simple","52":"first","53":"instock","54":"shipping-taxable","55":"purchasable","56":"product-type-simple"},"_links":{"self":[{"href":"https:\/\/asbaratas.com.br\/loja\/wp-json\/wp\/v2\/product\/97997","targetHints":{"allow":["GET"]}}],"collection":[{"href":"https:\/\/asbaratas.com.br\/loja\/wp-json\/wp\/v2\/product"}],"about":[{"href":"https:\/\/asbaratas.com.br\/loja\/wp-json\/wp\/v2\/types\/product"}],"replies":[{"embeddable":true,"href":"https:\/\/asbaratas.com.br\/loja\/wp-json\/wp\/v2\/comments?post=97997"}],"wp:featuredmedia":[{"embeddable":true,"href":"https:\/\/asbaratas.com.br\/loja\/wp-json\/wp\/v2\/media\/97985"}],"wp:attachment":[{"href":"https:\/\/asbaratas.com.br\/loja\/wp-json\/wp\/v2\/media?parent=97997"}],"wp:term":[{"taxonomy":"product_brand","embeddable":true,"href":"https:\/\/asbaratas.com.br\/loja\/wp-json\/wp\/v2\/product_brand?post=97997"},{"taxonomy":"product_cat","embeddable":true,"href":"https:\/\/asbaratas.com.br\/loja\/wp-json\/wp\/v2\/product_cat?post=97997"},{"taxonomy":"product_tag","embeddable":true,"href":"https:\/\/asbaratas.com.br\/loja\/wp-json\/wp\/v2\/product_tag?post=97997"}],"curies":[{"name":"wp","href":"https:\/\/api.w.org\/{rel}","templated":true}]}}