{"id":97953,"date":"2025-07-29T18:01:57","date_gmt":"2025-07-29T21:01:57","guid":{"rendered":"https:\/\/asbaratas.com.br\/loja\/?post_type=product&#038;p=97953"},"modified":"2026-04-17T19:32:34","modified_gmt":"2026-04-17T22:32:34","slug":"speeed","status":"publish","type":"product","link":"https:\/\/asbaratas.com.br\/loja\/produto\/speeed\/","title":{"rendered":"SPEED ADDICT"},"content":{"rendered":"<p>Nenhuma celebridade infantil ou mascote dos anos 90s sai impune da fase de ficar revoltado e MUITO LOKO!<\/p>\n<p>Malha em 100% algod\u00e3o na cor preta com estampa em silk de alta qualidade.<\/p>\n<p>A taxa de encolhimento \u00e9 em m\u00e9dia 3% variando dos m\u00e9todos de lavagem.<\/p>\n<p>DICAS PARA SUA CAMISETA DURAR MUITO:<br \/>\n\u2022 LAVE COM \u00c1GUA FRIA<br \/>\n\u2022 PASSE ELA DO AVESSO<br \/>\n\u2022 N\u00c3O COLOQUE NA M\u00c1QUINA DE SECAR<br \/>\n\u2022 N\u00c3O DEIXE DE MOLHO<br \/>\n\u2022 SEMPRE SEQUE \u00c0 SOMBRA<\/p>\n<p>Arte por Benson Chin<\/p>\n<p>As camisetas s\u00e3o despachadas em at\u00e9 3 dias \u00fateis.<\/p>\n","protected":false},"excerpt":{"rendered":"<p>Nenhuma celebridade infantil ou mascote dos anos 90s sai impune da fase de ficar revoltado e MUITO LOKO! Malha em 100% algod\u00e3o na cor preta com estampa em silk de alta qualidade. A taxa de encolhimento \u00e9 em m\u00e9dia 3% variando dos m\u00e9todos de lavagem. DICAS PARA SUA CAMISETA DURAR MUITO: \u2022 LAVE COM \u00c1GUA [&#8230;]\n","protected":false},"featured_media":97981,"comment_status":"open","ping_status":"closed","template":"","meta":[],"product_brand":[],"product_cat":[83],"product_tag":[1931,1930,1933,1934,1938,1937,182,181,1935,213,969,968,1238,505,183,212,1936,436,1831,1932,1237],"class_list":{"0":"post-97953","1":"product","2":"type-product","3":"status-publish","4":"has-post-thumbnail","6":"product_cat-camiseta-reta","7":"product_tag-1931","8":"product_tag-90s","9":"product_tag-addicted","10":"product_tag-addiction","11":"product_tag-adventure","12":"product_tag-allin","13":"product_tag-camisa","14":"product_tag-camiseta","15":"product_tag-cerveja","16":"product_tag-cinema","17":"product_tag-classico","18":"product_tag-classicos","19":"product_tag-coisa","20":"product_tag-dead","21":"product_tag-estampa","22":"product_tag-filme","23":"product_tag-gg","24":"product_tag-punk","25":"product_tag-sanic","26":"product_tag-speed","27":"product_tag-stuff","28":"pa_artista-bensonchin","29":"pa_cor-preto","30":"pa_tamanho-2g","31":"pa_tamanho-3g","32":"pa_tamanho-4g","33":"pa_tamanho-5g","34":"pa_tamanho-g","35":"pa_tamanho-m","36":"pa_tamanho-p","37":"pa_tamanho-pp","38":"pa_tema-arte","39":"pa_tema-Mashup","40":"pa_tema-Parodia","41":"pa_tema-Videogame","42":"product_type-variable","44":"product_tag-90","80":"first","81":"instock","82":"shipping-taxable","83":"purchasable","84":"product-type-variable"},"_links":{"self":[{"href":"https:\/\/asbaratas.com.br\/loja\/wp-json\/wp\/v2\/product\/97953","targetHints":{"allow":["GET"]}}],"collection":[{"href":"https:\/\/asbaratas.com.br\/loja\/wp-json\/wp\/v2\/product"}],"about":[{"href":"https:\/\/asbaratas.com.br\/loja\/wp-json\/wp\/v2\/types\/product"}],"replies":[{"embeddable":true,"href":"https:\/\/asbaratas.com.br\/loja\/wp-json\/wp\/v2\/comments?post=97953"}],"wp:featuredmedia":[{"embeddable":true,"href":"https:\/\/asbaratas.com.br\/loja\/wp-json\/wp\/v2\/media\/97981"}],"wp:attachment":[{"href":"https:\/\/asbaratas.com.br\/loja\/wp-json\/wp\/v2\/media?parent=97953"}],"wp:term":[{"taxonomy":"product_brand","embeddable":true,"href":"https:\/\/asbaratas.com.br\/loja\/wp-json\/wp\/v2\/product_brand?post=97953"},{"taxonomy":"product_cat","embeddable":true,"href":"https:\/\/asbaratas.com.br\/loja\/wp-json\/wp\/v2\/product_cat?post=97953"},{"taxonomy":"product_tag","embeddable":true,"href":"https:\/\/asbaratas.com.br\/loja\/wp-json\/wp\/v2\/product_tag?post=97953"}],"curies":[{"name":"wp","href":"https:\/\/api.w.org\/{rel}","templated":true}]}}