{"id":96434,"date":"2024-12-11T20:21:11","date_gmt":"2024-12-11T23:21:11","guid":{"rendered":"https:\/\/asbaratas.com.br\/loja\/?post_type=product&#038;p=96434"},"modified":"2026-04-17T19:31:27","modified_gmt":"2026-04-17T22:31:27","slug":"cccp","status":"publish","type":"product","link":"https:\/\/asbaratas.com.br\/loja\/produto\/cccp\/","title":{"rendered":"CCCP"},"content":{"rendered":"<p>TODO O PODER PARA O POVO SOVI\u00c9TICO!<\/p>\n<p>Juntamos aqui essa equipe muito especial com os maiores camradas da para representar<\/p>\n<p>&nbsp;<\/p>\n<p>Malha em 100% algod\u00e3o na cor vermelho sovi\u00e9tico. Estampa em silk de alta qualidade.<\/p>\n<p>A taxa de encolhimento \u00e9 em m\u00e9dia 3% variando dos m\u00e9todos de lavagem.<\/p>\n<p>DICAS PARA SUA CAMISETA DURAR MUITO:<br \/>\n\u2022 LAVE COM \u00c1GUA FRIA<br \/>\n\u2022 PASSE ELA DO AVESSO<br \/>\n\u2022 N\u00c3O COLOQUE NA M\u00c1QUINA DE SECAR<br \/>\n\u2022 N\u00c3O DEIXE DE MOLHO<br \/>\n\u2022 SEMPRE SEQUE \u00c0 SOMBRA<\/p>\n<p>Arte por LOUD!<\/p>\n","protected":false},"excerpt":{"rendered":"<p>TODO O PODER PARA O POVO SOVI\u00c9TICO! Juntamos aqui essa equipe muito especial com os maiores camradas da para representar &nbsp; Malha em 100% algod\u00e3o na cor vermelho sovi\u00e9tico. Estampa em silk de alta qualidade. A taxa de encolhimento \u00e9 em m\u00e9dia 3% variando dos m\u00e9todos de lavagem. DICAS PARA SUA CAMISETA DURAR MUITO: \u2022 [&#8230;]\n","protected":false},"featured_media":96443,"comment_status":"open","ping_status":"closed","template":"","meta":[],"product_brand":[],"product_cat":[83],"product_tag":[1240,1885,1632,1633,1880,1578,1579,1571,1575,943,1881,1582,944,1882,976,1581,1580,187,1576,1884,1883,661,1583,1577],"class_list":{"0":"post-96434","1":"product","2":"type-product","3":"status-publish","4":"has-post-thumbnail","6":"product_cat-camiseta-reta","7":"product_tag-antifa","8":"product_tag-camaradas","9":"product_tag-canhota","10":"product_tag-canhoto","11":"product_tag-cccp","12":"product_tag-class","13":"product_tag-comuna","14":"product_tag-esquerda","15":"product_tag-fighters","16":"product_tag-foice","17":"product_tag-lenin","18":"product_tag-leo","19":"product_tag-martelo","20":"product_tag-marx","21":"product_tag-mike","22":"product_tag-molotov","23":"product_tag-pincel","24":"product_tag-rafa","25":"product_tag-revolutionary","26":"product_tag-russia","27":"product_tag-sovietico","28":"product_tag-tartarugas","29":"product_tag-tello","30":"product_tag-working","31":"pa_artista-loud","32":"pa_cor-vermelho","33":"pa_tamanho-2g","34":"pa_tamanho-3g","35":"pa_tamanho-4g","36":"pa_tamanho-5g","37":"pa_tamanho-g","38":"pa_tamanho-m","39":"pa_tamanho-p","40":"pa_tamanho-pp","41":"pa_tema-arte","42":"pa_tema-DesenhoAnimado","43":"pa_tema-HQ","44":"pa_tema-Humor","45":"pa_tema-Mashup","46":"pa_tema-Parodia","47":"product_type-variable","84":"pa_tema-Desenho Animado","90":"first","91":"instock","92":"shipping-taxable","93":"purchasable","94":"product-type-variable"},"_links":{"self":[{"href":"https:\/\/asbaratas.com.br\/loja\/wp-json\/wp\/v2\/product\/96434","targetHints":{"allow":["GET"]}}],"collection":[{"href":"https:\/\/asbaratas.com.br\/loja\/wp-json\/wp\/v2\/product"}],"about":[{"href":"https:\/\/asbaratas.com.br\/loja\/wp-json\/wp\/v2\/types\/product"}],"replies":[{"embeddable":true,"href":"https:\/\/asbaratas.com.br\/loja\/wp-json\/wp\/v2\/comments?post=96434"}],"wp:featuredmedia":[{"embeddable":true,"href":"https:\/\/asbaratas.com.br\/loja\/wp-json\/wp\/v2\/media\/96443"}],"wp:attachment":[{"href":"https:\/\/asbaratas.com.br\/loja\/wp-json\/wp\/v2\/media?parent=96434"}],"wp:term":[{"taxonomy":"product_brand","embeddable":true,"href":"https:\/\/asbaratas.com.br\/loja\/wp-json\/wp\/v2\/product_brand?post=96434"},{"taxonomy":"product_cat","embeddable":true,"href":"https:\/\/asbaratas.com.br\/loja\/wp-json\/wp\/v2\/product_cat?post=96434"},{"taxonomy":"product_tag","embeddable":true,"href":"https:\/\/asbaratas.com.br\/loja\/wp-json\/wp\/v2\/product_tag?post=96434"}],"curies":[{"name":"wp","href":"https:\/\/api.w.org\/{rel}","templated":true}]}}