{"id":96403,"date":"2024-12-10T01:03:54","date_gmt":"2024-12-10T04:03:54","guid":{"rendered":"https:\/\/asbaratas.com.br\/loja\/?post_type=product&#038;p=96403"},"modified":"2026-04-18T15:16:54","modified_gmt":"2026-04-18T18:16:54","slug":"jogabidoom","status":"publish","type":"product","link":"https:\/\/asbaratas.com.br\/loja\/produto\/jogabidoom\/","title":{"rendered":"JOGABIDOOM"},"content":{"rendered":"<p>&#8220;Se est\u00e1 no jogabilinferno enfrente os capetas e vista a camiseta!&#8221;<\/p>\n<p>A nossa vers\u00e3o de uma das estampas mais queridas do pessoal do Jogabilida.de, numa reedi\u00e7\u00e3o ainda mais infernal exclusiva em pr\u00e9-venda somente durante o Jogabiliday 2024!<br \/>\nFique voc\u00ea tamb\u00e9m at\u00e9 os joelhos em estilo vestindo a nova Jogabilidoom!<\/p>\n<p>&nbsp;<\/p>\n<p><strong>Aten\u00e7\u00e3o essas s\u00e3o as \u00faltimas pe\u00e7as da camiseta exclusiva do Jogabiliday 2024, <\/strong><\/p>\n<p><strong>fizemos um pequeno execente para poder atender as pr\u00e9-vendas e resolver qualquer conflito de troca ou envio,<\/strong><\/p>\n<p><strong>essas camisetas n\u00e3o ser\u00e3o mais produzidas!<\/strong><\/p>\n<p>&nbsp;<\/p>\n<p>Tons e cores da camiseta final podem sofrer varia\u00e7\u00f5es.<\/p>\n<p>&nbsp;<\/p>\n<p>DICAS PARA SUA CAMISETA DURAR MUITO:<br \/>\n\u2022 LAVE COM \u00c1GUA FRIA<br \/>\n\u2022 PASSE ELA DO AVESSO<br \/>\n\u2022 N\u00c3O COLOQUE NA M\u00c1QUINA DE SECAR<br \/>\n\u2022 N\u00c3O DEIXE DE MOLHO<br \/>\n\u2022 SEMPRE SEQUE \u00c0 SOMBRA<\/p>\n<p>A taxa de encolhimento \u00e9 em m\u00e9dia 3% variando dos m\u00e9todos de lavagem.<\/p>\n","protected":false},"excerpt":{"rendered":"<p>&#8220;Se est\u00e1 no jogabilinferno enfrente os capetas e vista a camiseta!&#8221; A nossa vers\u00e3o de uma das estampas mais queridas do pessoal do Jogabilida.de, numa reedi\u00e7\u00e3o ainda mais infernal exclusiva em pr\u00e9-venda somente durante o Jogabiliday 2024! Fique voc\u00ea tamb\u00e9m at\u00e9 os joelhos em estilo vestindo a nova Jogabilidoom! &nbsp; Aten\u00e7\u00e3o essas s\u00e3o as \u00faltimas [&#8230;]\n","protected":false},"featured_media":96530,"comment_status":"open","ping_status":"closed","template":"","meta":[],"product_brand":[],"product_cat":[83],"product_tag":[1598,1600,1392,866,1596,1599,1597,867,1731],"class_list":{"0":"post-96403","1":"product","2":"type-product","3":"status-publish","4":"has-post-thumbnail","6":"product_cat-camiseta-reta","7":"product_tag-bilid","8":"product_tag-de","9":"product_tag-doom","10":"product_tag-games","11":"product_tag-joga","12":"product_tag-jogabilida","13":"product_tag-jogabilidade","14":"product_tag-podcast","15":"product_tag-pre-venda","16":"pa_artista-jogabilidade","17":"pa_artista-victor-kahn","18":"pa_cor-vermelho","19":"pa_malha-algodao","20":"pa_tamanho-2g","21":"pa_tamanho-3g","22":"pa_tamanho-4g","23":"pa_tamanho-5g","24":"pa_tamanho-g","25":"pa_tamanho-m","26":"pa_tamanho-p","27":"pa_tamanho-pp","28":"pa_tema-Games","29":"pa_tema-oficial","30":"pa_tema-Parodia","31":"pa_tema-Podcast","32":"product_type-variable","33":"product_visibility-featured","61":"first","62":"instock","63":"featured","64":"shipping-taxable","65":"purchasable","66":"product-type-variable"},"_links":{"self":[{"href":"https:\/\/asbaratas.com.br\/loja\/wp-json\/wp\/v2\/product\/96403","targetHints":{"allow":["GET"]}}],"collection":[{"href":"https:\/\/asbaratas.com.br\/loja\/wp-json\/wp\/v2\/product"}],"about":[{"href":"https:\/\/asbaratas.com.br\/loja\/wp-json\/wp\/v2\/types\/product"}],"replies":[{"embeddable":true,"href":"https:\/\/asbaratas.com.br\/loja\/wp-json\/wp\/v2\/comments?post=96403"}],"wp:featuredmedia":[{"embeddable":true,"href":"https:\/\/asbaratas.com.br\/loja\/wp-json\/wp\/v2\/media\/96530"}],"wp:attachment":[{"href":"https:\/\/asbaratas.com.br\/loja\/wp-json\/wp\/v2\/media?parent=96403"}],"wp:term":[{"taxonomy":"product_brand","embeddable":true,"href":"https:\/\/asbaratas.com.br\/loja\/wp-json\/wp\/v2\/product_brand?post=96403"},{"taxonomy":"product_cat","embeddable":true,"href":"https:\/\/asbaratas.com.br\/loja\/wp-json\/wp\/v2\/product_cat?post=96403"},{"taxonomy":"product_tag","embeddable":true,"href":"https:\/\/asbaratas.com.br\/loja\/wp-json\/wp\/v2\/product_tag?post=96403"}],"curies":[{"name":"wp","href":"https:\/\/api.w.org\/{rel}","templated":true}]}}