{"id":95707,"date":"2024-09-13T20:31:08","date_gmt":"2024-09-13T23:31:08","guid":{"rendered":"https:\/\/asbaratas.com.br\/loja\/?post_type=product&#038;p=95707"},"modified":"2026-04-01T19:07:43","modified_gmt":"2026-04-01T22:07:43","slug":"bone-decrepitos-abaxaki","status":"publish","type":"product","link":"https:\/\/asbaratas.com.br\/loja\/produto\/bone-decrepitos-abaxaki\/","title":{"rendered":"BON\u00c9 \u2022 DECR\u00c9PITOS TEXUG\u00c3O do ABACAXI"},"content":{"rendered":"<p>Voc\u00ea ama o Decrepitos??? E QUEM N\u00c3O AMA DARLING!!!! Agora com o modelo texug\u00e3o e &#8216;abacaxizes&#8217; que s\u00f3 a velha guarda decr\u00e9pita poder\u00e1 apreciar.<\/p>\n<p>Bon\u00e9 oficial do pessoal do <a href=\"https:\/\/decrepitos.com\/\" target=\"_blank\" rel=\"noopener\">DECR\u00c9PITOS<\/a><\/p>\n<p>Bon\u00e9 Americano fechado preto com aplica\u00e7\u00e3o em bordado do TEXUG\u00c3O DO VACILO na frente e aba em cinza chumbo com abacaxis estampados que v\u00e3o at\u00e9 o forro!<\/p>\n<p>Tamanho \u00fanico com regulagem.<\/p>\n","protected":false},"excerpt":{"rendered":"<p>Voc\u00ea ama o Decrepitos??? E QUEM N\u00c3O AMA DARLING!!!! Agora com o modelo texug\u00e3o e &#8216;abacaxizes&#8217; que s\u00f3 a velha guarda decr\u00e9pita poder\u00e1 apreciar. Bon\u00e9 oficial do pessoal do DECR\u00c9PITOS Bon\u00e9 Americano fechado preto com aplica\u00e7\u00e3o em bordado do TEXUG\u00c3O DO VACILO na frente e aba em cinza chumbo com abacaxis estampados que v\u00e3o at\u00e9 [&#8230;]\n","protected":false},"featured_media":95709,"comment_status":"closed","ping_status":"closed","template":"","meta":[],"product_brand":[],"product_cat":[1490,1488],"product_tag":[1813,1718,1716,1715,467,1812,1811,1724],"class_list":{"0":"post-95707","1":"product","2":"type-product","3":"status-publish","4":"has-post-thumbnail","6":"product_cat-americano-fechado","7":"product_cat-bone","8":"product_tag-abacaxi","9":"product_tag-bayer","10":"product_tag-carvalho","11":"product_tag-decrepitos","12":"product_tag-joao","13":"product_tag-texugo","14":"product_tag-udr","15":"product_tag-vacilo","16":"pa_artista-decrepitos","17":"pa_tema-arte","18":"pa_tema-Humor","19":"pa_tema-oficial","20":"pa_tema-Parodia","21":"pa_tema-Podcast","22":"product_type-simple","40":"first","41":"instock","42":"shipping-taxable","43":"purchasable","44":"product-type-simple"},"_links":{"self":[{"href":"https:\/\/asbaratas.com.br\/loja\/wp-json\/wp\/v2\/product\/95707","targetHints":{"allow":["GET"]}}],"collection":[{"href":"https:\/\/asbaratas.com.br\/loja\/wp-json\/wp\/v2\/product"}],"about":[{"href":"https:\/\/asbaratas.com.br\/loja\/wp-json\/wp\/v2\/types\/product"}],"replies":[{"embeddable":true,"href":"https:\/\/asbaratas.com.br\/loja\/wp-json\/wp\/v2\/comments?post=95707"}],"wp:featuredmedia":[{"embeddable":true,"href":"https:\/\/asbaratas.com.br\/loja\/wp-json\/wp\/v2\/media\/95709"}],"wp:attachment":[{"href":"https:\/\/asbaratas.com.br\/loja\/wp-json\/wp\/v2\/media?parent=95707"}],"wp:term":[{"taxonomy":"product_brand","embeddable":true,"href":"https:\/\/asbaratas.com.br\/loja\/wp-json\/wp\/v2\/product_brand?post=95707"},{"taxonomy":"product_cat","embeddable":true,"href":"https:\/\/asbaratas.com.br\/loja\/wp-json\/wp\/v2\/product_cat?post=95707"},{"taxonomy":"product_tag","embeddable":true,"href":"https:\/\/asbaratas.com.br\/loja\/wp-json\/wp\/v2\/product_tag?post=95707"}],"curies":[{"name":"wp","href":"https:\/\/api.w.org\/{rel}","templated":true}]}}