{"id":95369,"date":"2024-07-30T18:53:55","date_gmt":"2024-07-30T21:53:55","guid":{"rendered":"https:\/\/asbaratas.com.br\/loja\/?post_type=product&#038;p=95369"},"modified":"2026-02-27T23:59:32","modified_gmt":"2026-02-28T02:59:32","slug":"antipatriota","status":"publish","type":"product","link":"https:\/\/asbaratas.com.br\/loja\/produto\/antipatriota\/","title":{"rendered":"ANTI PATRIOTA"},"content":{"rendered":"<p>Nossa parceria com o MESTRE Tiago Santineli j\u00e1 come\u00e7a com os dois p\u00e9s no peito!Carregue no peito essa arte sensacional do Cristiano Suarez e relembre o ic\u00f4nico especial que coloca em cheque o patriotismo desses autointitulados patriotas!<\/p>\n<p>&nbsp;<\/p>\n<p><strong>ESSE \u00c9 UM PEQUENO EXCEDENTE DA NOSSA PR\u00c9-VENDA S\u00c3O PE\u00c7AS LIMITADAS SEM A POSSIBILIDADE DE TROCA.<br \/>\n<\/strong><\/p>\n<p>&nbsp;<\/p>\n<p>Camiseta 100% algod\u00e3o na cor preta com estampa em silk feita em cromia de alta qualidade.<\/p>\n<p>&#8211;<\/p>\n<p>Tons e cores da camiseta final podem sofrer varia\u00e7\u00f5es.<\/p>\n<p>&nbsp;<\/p>\n<p>DICAS PARA SUA CAMISETA DURAR MUITO:<br \/>\n\u2022 LAVE COM \u00c1GUA FRIA<br \/>\n\u2022 PASSE ELA DO AVESSO<br \/>\n\u2022 N\u00c3O COLOQUE NA M\u00c1QUINA DE SECAR<br \/>\n\u2022 N\u00c3O DEIXE DE MOLHO<br \/>\n\u2022 SEMPRE SEQUE \u00c0 SOMBRA<\/p>\n<p>A taxa de encolhimento \u00e9 em m\u00e9dia 3% variando dos m\u00e9todos de lavagem.<\/p>\n","protected":false},"excerpt":{"rendered":"<p>Nossa parceria com o MESTRE Tiago Santineli j\u00e1 come\u00e7a com os dois p\u00e9s no peito!Carregue no peito essa arte sensacional do Cristiano Suarez e relembre o ic\u00f4nico especial que coloca em cheque o patriotismo desses autointitulados patriotas! &nbsp; ESSE \u00c9 UM PEQUENO EXCEDENTE DA NOSSA PR\u00c9-VENDA S\u00c3O PE\u00c7AS LIMITADAS SEM A POSSIBILIDADE DE TROCA. &nbsp; [&#8230;]\n","protected":false},"featured_media":96154,"comment_status":"open","ping_status":"closed","template":"","meta":[],"product_brand":[],"product_cat":[83],"product_tag":[1807,1797,1804,1801,1799,1803,1808,1802,1798,867,1731,1795,1805,1800,1796,1794,1806],"class_list":{"0":"post-95369","1":"product","2":"type-product","3":"status-publish","4":"has-post-thumbnail","6":"product_cat-camiseta-reta","7":"product_tag-1807","8":"product_tag-anti","9":"product_tag-antipatriota","10":"product_tag-bastardos","11":"product_tag-cristiano","12":"product_tag-gta","13":"product_tag-horas","14":"product_tag-inglorios","15":"product_tag-patriota","16":"product_tag-podcast","17":"product_tag-pre-venda","18":"product_tag-santineli","19":"product_tag-stand","20":"product_tag-suarez","21":"product_tag-thiago","22":"product_tag-tiago","23":"product_tag-vituxo","24":"pa_artista-cristianosuarez","25":"pa_artista-santineli","26":"pa_cor-preto","27":"pa_malha-algodao","28":"pa_tamanho-2g","29":"pa_tamanho-3g","30":"pa_tamanho-4g","31":"pa_tamanho-5g","32":"pa_tamanho-g","33":"pa_tamanho-m","34":"pa_tamanho-p","35":"pa_tamanho-pp","36":"pa_tema-arte","37":"pa_tema-Cinema","38":"pa_tema-HQ","39":"pa_tema-Humor","40":"pa_tema-Mashup","41":"pa_tema-oficial","42":"product_type-variable","43":"product_visibility-featured","45":"product_tag-72","81":"first","82":"instock","83":"featured","84":"shipping-taxable","85":"purchasable","86":"product-type-variable"},"_links":{"self":[{"href":"https:\/\/asbaratas.com.br\/loja\/wp-json\/wp\/v2\/product\/95369","targetHints":{"allow":["GET"]}}],"collection":[{"href":"https:\/\/asbaratas.com.br\/loja\/wp-json\/wp\/v2\/product"}],"about":[{"href":"https:\/\/asbaratas.com.br\/loja\/wp-json\/wp\/v2\/types\/product"}],"replies":[{"embeddable":true,"href":"https:\/\/asbaratas.com.br\/loja\/wp-json\/wp\/v2\/comments?post=95369"}],"wp:featuredmedia":[{"embeddable":true,"href":"https:\/\/asbaratas.com.br\/loja\/wp-json\/wp\/v2\/media\/96154"}],"wp:attachment":[{"href":"https:\/\/asbaratas.com.br\/loja\/wp-json\/wp\/v2\/media?parent=95369"}],"wp:term":[{"taxonomy":"product_brand","embeddable":true,"href":"https:\/\/asbaratas.com.br\/loja\/wp-json\/wp\/v2\/product_brand?post=95369"},{"taxonomy":"product_cat","embeddable":true,"href":"https:\/\/asbaratas.com.br\/loja\/wp-json\/wp\/v2\/product_cat?post=95369"},{"taxonomy":"product_tag","embeddable":true,"href":"https:\/\/asbaratas.com.br\/loja\/wp-json\/wp\/v2\/product_tag?post=95369"}],"curies":[{"name":"wp","href":"https:\/\/api.w.org\/{rel}","templated":true}]}}