{"id":94163,"date":"2024-06-10T02:19:28","date_gmt":"2024-06-10T05:19:28","guid":{"rendered":"https:\/\/asbaratas.com.br\/loja\/?post_type=product&#038;p=94163"},"modified":"2025-12-10T19:42:45","modified_gmt":"2025-12-10T22:42:45","slug":"bone-darkwest","status":"publish","type":"product","link":"https:\/\/asbaratas.com.br\/loja\/produto\/bone-darkwest\/","title":{"rendered":"BON\u00c9 \u2022 DARK WEST"},"content":{"rendered":"<p>Puxa a cadeira e senta no ch\u00e3o que o Oeste Sombrio chegou nessa collab com o Garagi Saloon.<br \/>\nUm bon\u00e9 misturando couro e camur\u00e7a nas cores preto e carmesim do Memento Mori perfeito para voc\u00ea ostentar em um duelo ao meio dia<\/p>\n<p>Bon\u00e9 Trucker aba curva com aba e frente em couro sint\u00e9tico e bordado de alta qualidade.<\/p>\n<p>Tamanho \u00fanico com regulagem.<\/p>\n","protected":false},"excerpt":{"rendered":"<p>Puxa a cadeira e senta no ch\u00e3o que o Oeste Sombrio chegou nessa collab com o Garagi Saloon. Um bon\u00e9 misturando couro e camur\u00e7a nas cores preto e carmesim do Memento Mori perfeito para voc\u00ea ostentar em um duelo ao meio dia Bon\u00e9 Trucker aba curva com aba e frente em couro sint\u00e9tico e bordado [&#8230;]\n","protected":false},"featured_media":94255,"comment_status":"closed","ping_status":"closed","template":"","meta":[],"product_brand":[],"product_cat":[1488,1489],"product_tag":[],"class_list":{"0":"post-94163","1":"product","2":"type-product","3":"status-publish","4":"has-post-thumbnail","6":"product_cat-bone","7":"product_cat-trucker","8":"pa_artista-loboloss","9":"pa_tema-arte","10":"pa_tema-HQ","11":"pa_tema-oficial","12":"product_type-simple","13":"product_visibility-outofstock","21":"first","22":"outofstock","23":"shipping-taxable","24":"purchasable","25":"product-type-simple"},"_links":{"self":[{"href":"https:\/\/asbaratas.com.br\/loja\/wp-json\/wp\/v2\/product\/94163","targetHints":{"allow":["GET"]}}],"collection":[{"href":"https:\/\/asbaratas.com.br\/loja\/wp-json\/wp\/v2\/product"}],"about":[{"href":"https:\/\/asbaratas.com.br\/loja\/wp-json\/wp\/v2\/types\/product"}],"replies":[{"embeddable":true,"href":"https:\/\/asbaratas.com.br\/loja\/wp-json\/wp\/v2\/comments?post=94163"}],"wp:featuredmedia":[{"embeddable":true,"href":"https:\/\/asbaratas.com.br\/loja\/wp-json\/wp\/v2\/media\/94255"}],"wp:attachment":[{"href":"https:\/\/asbaratas.com.br\/loja\/wp-json\/wp\/v2\/media?parent=94163"}],"wp:term":[{"taxonomy":"product_brand","embeddable":true,"href":"https:\/\/asbaratas.com.br\/loja\/wp-json\/wp\/v2\/product_brand?post=94163"},{"taxonomy":"product_cat","embeddable":true,"href":"https:\/\/asbaratas.com.br\/loja\/wp-json\/wp\/v2\/product_cat?post=94163"},{"taxonomy":"product_tag","embeddable":true,"href":"https:\/\/asbaratas.com.br\/loja\/wp-json\/wp\/v2\/product_tag?post=94163"}],"curies":[{"name":"wp","href":"https:\/\/api.w.org\/{rel}","templated":true}]}}