{"id":85324,"date":"2023-12-07T13:16:51","date_gmt":"2023-12-07T16:16:51","guid":{"rendered":"https:\/\/asbaratas.com.br\/loja\/?post_type=product&#038;p=85324"},"modified":"2026-04-17T19:31:58","modified_gmt":"2026-04-17T22:31:58","slug":"jogabilivania2","status":"publish","type":"product","link":"https:\/\/asbaratas.com.br\/loja\/produto\/jogabilivania2\/","title":{"rendered":"JOGABILIVANIA"},"content":{"rendered":"<p>&#8220;O que \u00e9 uma camiseta? Uma m\u00edsera pilha de fios! Agora chega de conversa, vista-se!&#8221;<\/p>\n<p>A nossa vers\u00e3o de uma das estampas mais queridas do pessoal do Jogabilida.de<\/p>\n<p>&nbsp;<\/p>\n<p><strong>Aten\u00e7\u00e3o essas s\u00e3o as \u00faltimas pe\u00e7as da camiseta exclusiva do Jogabiliday 2023, <\/strong><\/p>\n<p><strong>fizemos um pequeno execente para poder atender as pr\u00e9-vendas e resolver qualquer conflito de troca ou envio,<\/strong><\/p>\n<p><strong>essas camisetas n\u00e3o ser\u00e3o mais produzidas!<\/strong><\/p>\n<p>&nbsp;<\/p>\n<p>Tons e cores da camiseta final podem sofrer varia\u00e7\u00f5es.<\/p>\n<p>&nbsp;<\/p>\n<p>DICAS PARA SUA CAMISETA DURAR MUITO:<br \/>\n\u2022 LAVE COM \u00c1GUA FRIA<br \/>\n\u2022 PASSE ELA DO AVESSO<br \/>\n\u2022 N\u00c3O COLOQUE NA M\u00c1QUINA DE SECAR<br \/>\n\u2022 N\u00c3O DEIXE DE MOLHO<br \/>\n\u2022 SEMPRE SEQUE \u00c0 SOMBRA<\/p>\n<p>A taxa de encolhimento \u00e9 em m\u00e9dia 3% variando dos m\u00e9todos de lavagem.<\/p>\n","protected":false},"excerpt":{"rendered":"<p>&#8220;O que \u00e9 uma camiseta? Uma m\u00edsera pilha de fios! Agora chega de conversa, vista-se!&#8221; A nossa vers\u00e3o de uma das estampas mais queridas do pessoal do Jogabilida.de &nbsp; Aten\u00e7\u00e3o essas s\u00e3o as \u00faltimas pe\u00e7as da camiseta exclusiva do Jogabiliday 2023, fizemos um pequeno execente para poder atender as pr\u00e9-vendas e resolver qualquer conflito de [&#8230;]\n","protected":false},"featured_media":85435,"comment_status":"open","ping_status":"closed","template":"","meta":[],"product_brand":[],"product_cat":[83],"product_tag":[1598,1600,866,1596,1599,1597,867,1731],"class_list":{"0":"post-85324","1":"product","2":"type-product","3":"status-publish","4":"has-post-thumbnail","6":"product_cat-camiseta-reta","7":"product_tag-bilid","8":"product_tag-de","9":"product_tag-games","10":"product_tag-joga","11":"product_tag-jogabilida","12":"product_tag-jogabilidade","13":"product_tag-podcast","14":"product_tag-pre-venda","15":"pa_artista-jogabilidade","16":"pa_artista-victor-kahn","17":"pa_cor-roxo","18":"pa_malha-algodao","19":"pa_tamanho-2g","20":"pa_tamanho-3g","21":"pa_tamanho-4g","22":"pa_tamanho-5g","23":"pa_tamanho-g","24":"pa_tamanho-m","25":"pa_tamanho-p","26":"pa_tamanho-pp","27":"pa_tema-arte","28":"pa_tema-oficial","29":"pa_tema-Parodia","30":"pa_tema-Podcast","31":"product_type-variable","32":"product_visibility-outofstock","59":"first","60":"outofstock","61":"shipping-taxable","62":"purchasable","63":"product-type-variable"},"_links":{"self":[{"href":"https:\/\/asbaratas.com.br\/loja\/wp-json\/wp\/v2\/product\/85324","targetHints":{"allow":["GET"]}}],"collection":[{"href":"https:\/\/asbaratas.com.br\/loja\/wp-json\/wp\/v2\/product"}],"about":[{"href":"https:\/\/asbaratas.com.br\/loja\/wp-json\/wp\/v2\/types\/product"}],"replies":[{"embeddable":true,"href":"https:\/\/asbaratas.com.br\/loja\/wp-json\/wp\/v2\/comments?post=85324"}],"wp:featuredmedia":[{"embeddable":true,"href":"https:\/\/asbaratas.com.br\/loja\/wp-json\/wp\/v2\/media\/85435"}],"wp:attachment":[{"href":"https:\/\/asbaratas.com.br\/loja\/wp-json\/wp\/v2\/media?parent=85324"}],"wp:term":[{"taxonomy":"product_brand","embeddable":true,"href":"https:\/\/asbaratas.com.br\/loja\/wp-json\/wp\/v2\/product_brand?post=85324"},{"taxonomy":"product_cat","embeddable":true,"href":"https:\/\/asbaratas.com.br\/loja\/wp-json\/wp\/v2\/product_cat?post=85324"},{"taxonomy":"product_tag","embeddable":true,"href":"https:\/\/asbaratas.com.br\/loja\/wp-json\/wp\/v2\/product_tag?post=85324"}],"curies":[{"name":"wp","href":"https:\/\/api.w.org\/{rel}","templated":true}]}}