{"id":85145,"date":"2023-12-06T20:33:57","date_gmt":"2023-12-06T23:33:57","guid":{"rendered":"https:\/\/asbaratas.com.br\/loja\/?post_type=product&#038;p=85145"},"modified":"2026-04-24T17:02:21","modified_gmt":"2026-04-24T20:02:21","slug":"bone-pipoca","status":"publish","type":"product","link":"https:\/\/asbaratas.com.br\/loja\/produto\/bone-pipoca\/","title":{"rendered":"BON\u00c9 \u2022 PIPOCA &#038; NANQUIM"},"content":{"rendered":"<p>Este bon\u00e9 \u00e9 um PETARDO! O bon\u00e9 definitivo para os f\u00e3s do canal de quadrinhos mais querido da web!<\/p>\n<p>Bon\u00e9 Trucker com a frente em bordado emborrachado de alta qualidade com aplica\u00e7\u00f5es nas laterais e atr\u00e1s, assim como muitos KIRBY DOTS espalhados na frente e em baixo da aba!<\/p>\n<p>Tamanho \u00fanico com regulagem.<\/p>\n","protected":false},"excerpt":{"rendered":"<p>Este bon\u00e9 \u00e9 um PETARDO! O bon\u00e9 definitivo para os f\u00e3s do canal de quadrinhos mais querido da web! Bon\u00e9 Trucker com a frente em bordado emborrachado de alta qualidade com aplica\u00e7\u00f5es nas laterais e atr\u00e1s, assim como muitos KIRBY DOTS espalhados na frente e em baixo da aba! Tamanho \u00fanico com regulagem.<\/p>\n","protected":false},"featured_media":96492,"comment_status":"closed","ping_status":"closed","template":"","meta":[],"product_brand":[],"product_cat":[1488,1489],"product_tag":[1109,1505,1104,1106,1504,471,1507,1101,1506,1102,1100,1105],"class_list":{"0":"post-85145","1":"product","2":"type-product","3":"status-publish","4":"has-post-thumbnail","6":"product_cat-bone","7":"product_cat-trucker","8":"product_tag-alexandre","9":"product_tag-arena","10":"product_tag-bruno","11":"product_tag-daniel","12":"product_tag-drago","13":"product_tag-editora","14":"product_tag-maimai","15":"product_tag-nanquim","16":"product_tag-ogiva","17":"product_tag-petardo","18":"product_tag-pipoca","19":"product_tag-zago","20":"pa_artista-pn","21":"pa_artista-thobias","22":"pa_tema-arte","23":"pa_tema-oficial","24":"product_type-simple","44":"first","45":"instock","46":"shipping-taxable","47":"purchasable","48":"product-type-simple"},"_links":{"self":[{"href":"https:\/\/asbaratas.com.br\/loja\/wp-json\/wp\/v2\/product\/85145","targetHints":{"allow":["GET"]}}],"collection":[{"href":"https:\/\/asbaratas.com.br\/loja\/wp-json\/wp\/v2\/product"}],"about":[{"href":"https:\/\/asbaratas.com.br\/loja\/wp-json\/wp\/v2\/types\/product"}],"replies":[{"embeddable":true,"href":"https:\/\/asbaratas.com.br\/loja\/wp-json\/wp\/v2\/comments?post=85145"}],"wp:featuredmedia":[{"embeddable":true,"href":"https:\/\/asbaratas.com.br\/loja\/wp-json\/wp\/v2\/media\/96492"}],"wp:attachment":[{"href":"https:\/\/asbaratas.com.br\/loja\/wp-json\/wp\/v2\/media?parent=85145"}],"wp:term":[{"taxonomy":"product_brand","embeddable":true,"href":"https:\/\/asbaratas.com.br\/loja\/wp-json\/wp\/v2\/product_brand?post=85145"},{"taxonomy":"product_cat","embeddable":true,"href":"https:\/\/asbaratas.com.br\/loja\/wp-json\/wp\/v2\/product_cat?post=85145"},{"taxonomy":"product_tag","embeddable":true,"href":"https:\/\/asbaratas.com.br\/loja\/wp-json\/wp\/v2\/product_tag?post=85145"}],"curies":[{"name":"wp","href":"https:\/\/api.w.org\/{rel}","templated":true}]}}