{"id":84755,"date":"2023-12-04T20:13:21","date_gmt":"2023-12-04T23:13:21","guid":{"rendered":"https:\/\/asbaratas.com.br\/loja\/?post_type=product&#038;p=84755"},"modified":"2026-02-08T21:08:03","modified_gmt":"2026-02-09T00:08:03","slug":"bone-load-miles","status":"publish","type":"product","link":"https:\/\/asbaratas.com.br\/loja\/produto\/bone-load-miles\/","title":{"rendered":"BON\u00c9 \u2022 L\u00d8AD MILES"},"content":{"rendered":"<p>Edi\u00e7\u00e3o especial limitada do primeiro bon\u00e9 do @loadcomics, desta vez com refer\u00eancias ao nosso aranha grafiteiro do Brooklin!<\/p>\n<p>Bon\u00e9 6 Panel aba reta com frente texturizada com bordado em relevo, bordado na lateral e atr\u00e1s, assim como silk em baixo da aba e um forro todo personalizado!<\/p>\n<p>&nbsp;<\/p>\n<p>Tamanho \u00fanico com regulagem.<\/p>\n","protected":false},"excerpt":{"rendered":"<p>Edi\u00e7\u00e3o especial limitada do primeiro bon\u00e9 do @loadcomics, desta vez com refer\u00eancias ao nosso aranha grafiteiro do Brooklin! Bon\u00e9 6 Panel aba reta com frente texturizada com bordado em relevo, bordado na lateral e atr\u00e1s, assim como silk em baixo da aba e um forro todo personalizado! &nbsp; Tamanho \u00fanico com regulagem.<\/p>\n","protected":false},"featured_media":85167,"comment_status":"closed","ping_status":"closed","template":"","meta":[],"product_brand":[],"product_cat":[1488,1492],"product_tag":[],"class_list":{"0":"post-84755","1":"product","2":"type-product","3":"status-publish","4":"has-post-thumbnail","6":"product_cat-bone","7":"product_cat-six-panel-aba-reta","8":"pa_artista-barata","9":"pa_artista-load","10":"pa_tema-arte","11":"pa_tema-DesenhoAnimado","12":"pa_tema-Games","13":"pa_tema-Mashup","14":"pa_tema-oficial","15":"product_type-simple","21":"pa_tema-Desenho Animado","26":"first","27":"instock","28":"shipping-taxable","29":"purchasable","30":"product-type-simple"},"_links":{"self":[{"href":"https:\/\/asbaratas.com.br\/loja\/wp-json\/wp\/v2\/product\/84755","targetHints":{"allow":["GET"]}}],"collection":[{"href":"https:\/\/asbaratas.com.br\/loja\/wp-json\/wp\/v2\/product"}],"about":[{"href":"https:\/\/asbaratas.com.br\/loja\/wp-json\/wp\/v2\/types\/product"}],"replies":[{"embeddable":true,"href":"https:\/\/asbaratas.com.br\/loja\/wp-json\/wp\/v2\/comments?post=84755"}],"wp:featuredmedia":[{"embeddable":true,"href":"https:\/\/asbaratas.com.br\/loja\/wp-json\/wp\/v2\/media\/85167"}],"wp:attachment":[{"href":"https:\/\/asbaratas.com.br\/loja\/wp-json\/wp\/v2\/media?parent=84755"}],"wp:term":[{"taxonomy":"product_brand","embeddable":true,"href":"https:\/\/asbaratas.com.br\/loja\/wp-json\/wp\/v2\/product_brand?post=84755"},{"taxonomy":"product_cat","embeddable":true,"href":"https:\/\/asbaratas.com.br\/loja\/wp-json\/wp\/v2\/product_cat?post=84755"},{"taxonomy":"product_tag","embeddable":true,"href":"https:\/\/asbaratas.com.br\/loja\/wp-json\/wp\/v2\/product_tag?post=84755"}],"curies":[{"name":"wp","href":"https:\/\/api.w.org\/{rel}","templated":true}]}}