{"id":84746,"date":"2023-12-04T20:12:37","date_gmt":"2023-12-04T23:12:37","guid":{"rendered":"https:\/\/asbaratas.com.br\/loja\/?post_type=product&#038;p=84746"},"modified":"2026-04-17T19:31:45","modified_gmt":"2026-04-17T22:31:45","slug":"graffiti_miles","status":"publish","type":"product","link":"https:\/\/asbaratas.com.br\/loja\/produto\/graffiti_miles\/","title":{"rendered":"GRAFFITI MILES"},"content":{"rendered":"<p>A moda aranha-ver\u00e3o chegou com tudo por aqui! E agora com o nosso grafiteiro preferido do Brooklyn!<\/p>\n<p>Camiseta feita com nossa malha ver\u00e3o, que \u00e9 mais leve para o dia-a-dia e tem um caimento um pouco mais leve. Composi\u00e7\u00e3o 50% algod\u00e3o e 50% poli\u00e9ster, na cor cinza-mescla e estampa com silk de alta qualidade.<\/p>\n<p>A taxa de encolhimento \u00e9 em m\u00e9dia 3% variando dos m\u00e9todos de lavagem.<\/p>\n<p>DICAS PARA SUA CAMISETA DURAR MUITO:<br \/>\n\u2022 LAVE COM \u00c1GUA FRIA<br \/>\n\u2022 PASSE ELA DO AVESSO<br \/>\n\u2022 N\u00c3O COLOQUE NA M\u00c1QUINA DE SECAR<br \/>\n\u2022 N\u00c3O DEIXE DE MOLHO<br \/>\n\u2022 SEMPRE SEQUE \u00c0 SOMBRA<\/p>\n<p>As camisetas s\u00e3o despachadas em at\u00e9 3 dias \u00fateis.<\/p>\n","protected":false},"excerpt":{"rendered":"<p>A moda aranha-ver\u00e3o chegou com tudo por aqui! E agora com o nosso grafiteiro preferido do Brooklyn! Camiseta feita com nossa malha ver\u00e3o, que \u00e9 mais leve para o dia-a-dia e tem um caimento um pouco mais leve. Composi\u00e7\u00e3o 50% algod\u00e3o e 50% poli\u00e9ster, na cor cinza-mescla e estampa com silk de alta qualidade. A [&#8230;]\n","protected":false},"featured_media":85151,"comment_status":"open","ping_status":"closed","template":"","meta":[],"product_brand":[],"product_cat":[83],"product_tag":[221,323,301,182,181,213,320,319,183,326,321,190,325,322,259,328,324,327],"class_list":{"0":"post-84746","1":"product","2":"type-product","3":"status-publish","4":"has-post-thumbnail","6":"product_cat-camiseta-reta","7":"product_tag-animacao","8":"product_tag-bat","9":"product_tag-batman","10":"product_tag-camisa","11":"product_tag-camiseta","12":"product_tag-cinema","13":"product_tag-dc","14":"product_tag-desenho-animado","15":"product_tag-estampa","16":"product_tag-heroi","17":"product_tag-homem-morcego","18":"product_tag-hq","19":"product_tag-logo","20":"product_tag-morcego","21":"product_tag-serie-de-tv","22":"product_tag-shinkoheo","23":"product_tag-simbolo","24":"product_tag-super-heroi","25":"pa_artista-loud","26":"pa_cor-vinho","27":"pa_tamanho-2g","28":"pa_tamanho-3g","29":"pa_tamanho-4g","30":"pa_tamanho-5g","31":"pa_tamanho-g","32":"pa_tamanho-m","33":"pa_tamanho-p","34":"pa_tamanho-pp","35":"pa_tema-arte","36":"pa_tema-Cinema","37":"pa_tema-DesenhoAnimado","38":"pa_tema-Parodia","39":"pa_tema-Videogame","40":"product_type-variable","72":"pa_tema-Desenho Animado","76":"first","77":"instock","78":"shipping-taxable","79":"purchasable","80":"product-type-variable"},"_links":{"self":[{"href":"https:\/\/asbaratas.com.br\/loja\/wp-json\/wp\/v2\/product\/84746","targetHints":{"allow":["GET"]}}],"collection":[{"href":"https:\/\/asbaratas.com.br\/loja\/wp-json\/wp\/v2\/product"}],"about":[{"href":"https:\/\/asbaratas.com.br\/loja\/wp-json\/wp\/v2\/types\/product"}],"replies":[{"embeddable":true,"href":"https:\/\/asbaratas.com.br\/loja\/wp-json\/wp\/v2\/comments?post=84746"}],"wp:featuredmedia":[{"embeddable":true,"href":"https:\/\/asbaratas.com.br\/loja\/wp-json\/wp\/v2\/media\/85151"}],"wp:attachment":[{"href":"https:\/\/asbaratas.com.br\/loja\/wp-json\/wp\/v2\/media?parent=84746"}],"wp:term":[{"taxonomy":"product_brand","embeddable":true,"href":"https:\/\/asbaratas.com.br\/loja\/wp-json\/wp\/v2\/product_brand?post=84746"},{"taxonomy":"product_cat","embeddable":true,"href":"https:\/\/asbaratas.com.br\/loja\/wp-json\/wp\/v2\/product_cat?post=84746"},{"taxonomy":"product_tag","embeddable":true,"href":"https:\/\/asbaratas.com.br\/loja\/wp-json\/wp\/v2\/product_tag?post=84746"}],"curies":[{"name":"wp","href":"https:\/\/api.w.org\/{rel}","templated":true}]}}