{"id":8266,"date":"2017-10-26T13:42:57","date_gmt":"2017-10-26T15:42:57","guid":{"rendered":"https:\/\/asbaratas.com.br\/loja\/produto\/the-good-the-bad-and-the-doctor\/"},"modified":"2026-03-11T11:23:25","modified_gmt":"2026-03-11T14:23:25","slug":"bttf3","status":"publish","type":"product","link":"https:\/\/asbaratas.com.br\/loja\/produto\/bttf3\/","title":{"rendered":"THE GOOD THE BAD AND THE DOC"},"content":{"rendered":"<p>McFly \u00e9 Clint Eastwood no terceiro filme dessa trilogia t\u00e3o querida, ele n\u00e3o est\u00e1 sozinho pois tem Doc Brown ao seu lado!<\/p>\n<p>A taxa de encolhimento \u00e9 em m\u00e9dia 3% variando dos m\u00e9todos de lavagem.<\/p>\n<p>DICAS PARA SUA CAMISETA DURAR MUITO:<br \/>\n\u2022 LAVE COM \u00c1GUA FRIA<br \/>\n\u2022 PASSE ELA DO AVESSO<br \/>\n\u2022 N\u00c3O COLOQUE NA M\u00c1QUINA DE SECAR<br \/>\n\u2022 N\u00c3O DEIXE DE MOLHO<br \/>\n\u2022 SEMPRE SEQUE \u00c0 SOMBRA<\/p>\n<p>Arte por Marcos Caldas<br \/>\nConhe\u00e7a seu trabalho em <a href=\"http:\/\/www.marcoscaldas.com.br\/\">http:\/\/www.marcoscaldas.com.br<\/a><\/p>\n<p>As camisetas s\u00e3o despachadas em at\u00e9 3 dias \u00fateis.<\/p>\n","protected":false},"excerpt":{"rendered":"<p>McFly \u00e9 Clint Eastwood no terceiro filme dessa trilogia t\u00e3o querida, ele n\u00e3o est\u00e1 sozinho pois tem Doc Brown ao seu lado! A taxa de encolhimento \u00e9 em m\u00e9dia 3% variando dos m\u00e9todos de lavagem. DICAS PARA SUA CAMISETA DURAR MUITO: \u2022 LAVE COM \u00c1GUA FRIA \u2022 PASSE ELA DO AVESSO \u2022 N\u00c3O COLOQUE NA [&#8230;]\n","protected":false},"featured_media":8263,"comment_status":"open","ping_status":"closed","template":"","meta":[],"product_brand":[],"product_cat":[83],"product_tag":[182,181,213,288,294,183,212,290,254,184,292,291,293,300,299,286,297,295,287,296,289,298],"class_list":{"0":"post-8266","1":"product","2":"type-product","3":"status-publish","4":"has-post-thumbnail","6":"product_cat-camiseta-reta","7":"product_tag-camisa","8":"product_tag-camiseta","9":"product_tag-cinema","10":"product_tag-de-volta-para-o-futuro","11":"product_tag-doutor","12":"product_tag-estampa","13":"product_tag-filme","14":"product_tag-futuro","15":"product_tag-george-lucas","16":"product_tag-ilustracao","17":"product_tag-marty","18":"product_tag-marty-mcfly","19":"product_tag-mcfly","20":"product_tag-mi","21":"product_tag-michael-j-fox","22":"product_tag-paulo","23":"product_tag-robert","24":"product_tag-robert-zemeckis","25":"product_tag-rocker","26":"product_tag-steven-spielbg","27":"product_tag-volta","28":"product_tag-zemeckis","29":"pa_artista-marcoscaldas","30":"pa_cor-vermelho","31":"pa_tamanho-2g","32":"pa_tamanho-3g","33":"pa_tamanho-4g","34":"pa_tamanho-5g","35":"pa_tamanho-g","36":"pa_tamanho-m","37":"pa_tamanho-p","38":"pa_tamanho-pp","39":"pa_tema-Cinema","40":"pa_tema-Mashup","41":"product_type-variable","78":"first","79":"instock","80":"shipping-taxable","81":"purchasable","82":"product-type-variable","83":"has-default-attributes"},"_links":{"self":[{"href":"https:\/\/asbaratas.com.br\/loja\/wp-json\/wp\/v2\/product\/8266","targetHints":{"allow":["GET"]}}],"collection":[{"href":"https:\/\/asbaratas.com.br\/loja\/wp-json\/wp\/v2\/product"}],"about":[{"href":"https:\/\/asbaratas.com.br\/loja\/wp-json\/wp\/v2\/types\/product"}],"replies":[{"embeddable":true,"href":"https:\/\/asbaratas.com.br\/loja\/wp-json\/wp\/v2\/comments?post=8266"}],"wp:featuredmedia":[{"embeddable":true,"href":"https:\/\/asbaratas.com.br\/loja\/wp-json\/wp\/v2\/media\/8263"}],"wp:attachment":[{"href":"https:\/\/asbaratas.com.br\/loja\/wp-json\/wp\/v2\/media?parent=8266"}],"wp:term":[{"taxonomy":"product_brand","embeddable":true,"href":"https:\/\/asbaratas.com.br\/loja\/wp-json\/wp\/v2\/product_brand?post=8266"},{"taxonomy":"product_cat","embeddable":true,"href":"https:\/\/asbaratas.com.br\/loja\/wp-json\/wp\/v2\/product_cat?post=8266"},{"taxonomy":"product_tag","embeddable":true,"href":"https:\/\/asbaratas.com.br\/loja\/wp-json\/wp\/v2\/product_tag?post=8266"}],"curies":[{"name":"wp","href":"https:\/\/api.w.org\/{rel}","templated":true}]}}