{"id":82430,"date":"2023-11-07T21:56:00","date_gmt":"2023-11-08T00:56:00","guid":{"rendered":"https:\/\/asbaratas.com.br\/loja\/?post_type=product&#038;p=82430"},"modified":"2026-05-15T02:39:17","modified_gmt":"2026-05-15T05:39:17","slug":"brains","status":"publish","type":"product","link":"https:\/\/asbaratas.com.br\/loja\/produto\/brains\/","title":{"rendered":"BRAAAINS"},"content":{"rendered":"<p>O zumbi enlatado mais radioativo chega nessa camiseta com as cores mais radioativas do pesado!<\/p>\n<p>Malha em 100% algod\u00e3o na cor preta com estampa em silk de alta qualidade.<\/p>\n<p>A taxa de encolhimento \u00e9 em m\u00e9dia 3% variando dos m\u00e9todos de lavagem.<\/p>\n<p>DICAS PARA SUA CAMISETA DURAR MUITO:<br \/>\n\u2022 LAVE COM \u00c1GUA FRIA<br \/>\n\u2022 PASSE ELA DO AVESSO<br \/>\n\u2022 N\u00c3O COLOQUE NA M\u00c1QUINA DE SECAR<br \/>\n\u2022 N\u00c3O DEIXE DE MOLHO<br \/>\n\u2022 SEMPRE SEQUE \u00c0 SOMBRA<\/p>\n<p>Arte por Kiko Garcia<\/p>\n<p>As camisetas s\u00e3o despachadas em at\u00e9 3 dias \u00fateis.<\/p>\n","protected":false},"excerpt":{"rendered":"<p>O zumbi enlatado mais radioativo chega nessa camiseta com as cores mais radioativas do pesado! Malha em 100% algod\u00e3o na cor preta com estampa em silk de alta qualidade. A taxa de encolhimento \u00e9 em m\u00e9dia 3% variando dos m\u00e9todos de lavagem. DICAS PARA SUA CAMISETA DURAR MUITO: \u2022 LAVE COM \u00c1GUA FRIA \u2022 PASSE [&#8230;]\n","protected":false},"featured_media":82425,"comment_status":"open","ping_status":"closed","template":"","meta":[],"product_brand":[],"product_cat":[83],"product_tag":[1234,948,182,181,213,969,968,1238,505,183,212,964,1728,1725,436,489,1727,451,1237,531,536,1726],"class_list":{"0":"post-82430","1":"product","2":"type-product","3":"status-publish","4":"has-post-thumbnail","6":"product_cat-camiseta-reta","7":"product_tag-1234","8":"product_tag-80s","9":"product_tag-camisa","10":"product_tag-camiseta","11":"product_tag-cinema","12":"product_tag-classico","13":"product_tag-classicos","14":"product_tag-coisa","15":"product_tag-dead","16":"product_tag-estampa","17":"product_tag-filme","18":"product_tag-filmland","19":"product_tag-living","20":"product_tag-mortos","21":"product_tag-punk","22":"product_tag-retorno","23":"product_tag-return","24":"product_tag-sbt","25":"product_tag-stuff","26":"product_tag-tarde","27":"product_tag-terror","28":"product_tag-vivos","29":"pa_artista-kiko-garcia","30":"pa_cor-preto","31":"pa_tamanho-2g","32":"pa_tamanho-3g","33":"pa_tamanho-4g","34":"pa_tamanho-5g","35":"pa_tamanho-g","36":"pa_tamanho-m","37":"pa_tamanho-p","38":"pa_tamanho-pp","39":"pa_tema-Cinema","40":"pa_tema-Humor","41":"pa_tema-Parodia","42":"product_type-variable","44":"product_tag-80","80":"first","81":"instock","82":"shipping-taxable","83":"purchasable","84":"product-type-variable"},"_links":{"self":[{"href":"https:\/\/asbaratas.com.br\/loja\/wp-json\/wp\/v2\/product\/82430","targetHints":{"allow":["GET"]}}],"collection":[{"href":"https:\/\/asbaratas.com.br\/loja\/wp-json\/wp\/v2\/product"}],"about":[{"href":"https:\/\/asbaratas.com.br\/loja\/wp-json\/wp\/v2\/types\/product"}],"replies":[{"embeddable":true,"href":"https:\/\/asbaratas.com.br\/loja\/wp-json\/wp\/v2\/comments?post=82430"}],"wp:featuredmedia":[{"embeddable":true,"href":"https:\/\/asbaratas.com.br\/loja\/wp-json\/wp\/v2\/media\/82425"}],"wp:attachment":[{"href":"https:\/\/asbaratas.com.br\/loja\/wp-json\/wp\/v2\/media?parent=82430"}],"wp:term":[{"taxonomy":"product_brand","embeddable":true,"href":"https:\/\/asbaratas.com.br\/loja\/wp-json\/wp\/v2\/product_brand?post=82430"},{"taxonomy":"product_cat","embeddable":true,"href":"https:\/\/asbaratas.com.br\/loja\/wp-json\/wp\/v2\/product_cat?post=82430"},{"taxonomy":"product_tag","embeddable":true,"href":"https:\/\/asbaratas.com.br\/loja\/wp-json\/wp\/v2\/product_tag?post=82430"}],"curies":[{"name":"wp","href":"https:\/\/api.w.org\/{rel}","templated":true}]}}