{"id":81798,"date":"2023-10-31T02:22:08","date_gmt":"2023-10-31T05:22:08","guid":{"rendered":"https:\/\/asbaratas.com.br\/loja\/?post_type=product&#038;p=81798"},"modified":"2026-04-17T19:31:48","modified_gmt":"2026-04-17T22:31:48","slug":"sekiroo","status":"publish","type":"product","link":"https:\/\/asbaratas.com.br\/loja\/produto\/sekiroo\/","title":{"rendered":"HESITATION IS DEFEAT"},"content":{"rendered":"<p>Voc\u00ea pode n\u00e3o ver, n\u00e3o ouvir e n\u00e3o falar sobre o mal, mas se hesitar contra esses macacos lazarentos \u00e9 derrota certa!<\/p>\n<p>Malha em 100% algod\u00e3o na cor preta com estampa em silk de alta qualidade.<\/p>\n<p>A taxa de encolhimento \u00e9 em m\u00e9dia 3% variando dos m\u00e9todos de lavagem.<\/p>\n<p>DICAS PARA SUA CAMISETA DURAR MUITO:<br \/>\n\u2022 LAVE COM \u00c1GUA FRIA<br \/>\n\u2022 PASSE ELA DO AVESSO<br \/>\n\u2022 N\u00c3O COLOQUE NA M\u00c1QUINA DE SECAR<br \/>\n\u2022 N\u00c3O DEIXE DE MOLHO<br \/>\n\u2022 SEMPRE SEQUE \u00c0 SOMBRA<\/p>\n<p>Arte por Salimena<\/p>\n<p>As camisetas s\u00e3o despachadas em at\u00e9 3 dias \u00fateis.<\/p>\n","protected":false},"excerpt":{"rendered":"<p>Voc\u00ea pode n\u00e3o ver, n\u00e3o ouvir e n\u00e3o falar sobre o mal, mas se hesitar contra esses macacos lazarentos \u00e9 derrota certa! Malha em 100% algod\u00e3o na cor preta com estampa em silk de alta qualidade. A taxa de encolhimento \u00e9 em m\u00e9dia 3% variando dos m\u00e9todos de lavagem. DICAS PARA SUA CAMISETA DURAR MUITO: [&#8230;]\n","protected":false},"featured_media":81807,"comment_status":"open","ping_status":"closed","template":"","meta":[],"product_brand":[],"product_cat":[83],"product_tag":[182,181,656,213,929,500,1706,1192,1090,1709,1710,1465,1707,1704,1705,1708],"class_list":{"0":"post-81798","1":"product","2":"type-product","3":"status-publish","4":"has-post-thumbnail","6":"product_cat-camiseta-reta","7":"product_tag-camisa","8":"product_tag-camiseta","9":"product_tag-capa","10":"product_tag-cinema","11":"product_tag-comix","12":"product_tag-dark","13":"product_tag-darksouls","14":"product_tag-die","15":"product_tag-doidera","16":"product_tag-from","17":"product_tag-japan","18":"product_tag-like","19":"product_tag-macacos","20":"product_tag-sekiro","21":"product_tag-souls","22":"product_tag-tenchu","23":"pa_artista-salimena","24":"pa_cor-creme","25":"pa_sexo-reta","26":"pa_tamanho-2g","27":"pa_tamanho-3g","28":"pa_tamanho-4g","29":"pa_tamanho-5g","30":"pa_tamanho-g","31":"pa_tamanho-m","32":"pa_tamanho-p","33":"pa_tamanho-pp","34":"pa_tema-arte","35":"pa_tema-Games","36":"pa_tema-Oriental","37":"pa_tema-Parodia","38":"product_type-variable","39":"product_visibility-outofstock","73":"first","74":"outofstock","75":"shipping-taxable","76":"purchasable","77":"product-type-variable"},"_links":{"self":[{"href":"https:\/\/asbaratas.com.br\/loja\/wp-json\/wp\/v2\/product\/81798","targetHints":{"allow":["GET"]}}],"collection":[{"href":"https:\/\/asbaratas.com.br\/loja\/wp-json\/wp\/v2\/product"}],"about":[{"href":"https:\/\/asbaratas.com.br\/loja\/wp-json\/wp\/v2\/types\/product"}],"replies":[{"embeddable":true,"href":"https:\/\/asbaratas.com.br\/loja\/wp-json\/wp\/v2\/comments?post=81798"}],"wp:featuredmedia":[{"embeddable":true,"href":"https:\/\/asbaratas.com.br\/loja\/wp-json\/wp\/v2\/media\/81807"}],"wp:attachment":[{"href":"https:\/\/asbaratas.com.br\/loja\/wp-json\/wp\/v2\/media?parent=81798"}],"wp:term":[{"taxonomy":"product_brand","embeddable":true,"href":"https:\/\/asbaratas.com.br\/loja\/wp-json\/wp\/v2\/product_brand?post=81798"},{"taxonomy":"product_cat","embeddable":true,"href":"https:\/\/asbaratas.com.br\/loja\/wp-json\/wp\/v2\/product_cat?post=81798"},{"taxonomy":"product_tag","embeddable":true,"href":"https:\/\/asbaratas.com.br\/loja\/wp-json\/wp\/v2\/product_tag?post=81798"}],"curies":[{"name":"wp","href":"https:\/\/api.w.org\/{rel}","templated":true}]}}