{"id":81754,"date":"2023-10-30T22:41:23","date_gmt":"2023-10-31T01:41:23","guid":{"rendered":"https:\/\/asbaratas.com.br\/loja\/?post_type=product&#038;p=81754"},"modified":"2025-12-10T19:42:44","modified_gmt":"2025-12-10T22:42:44","slug":"bone-assopra-fitas","status":"publish","type":"product","link":"https:\/\/asbaratas.com.br\/loja\/produto\/bone-assopra-fitas\/","title":{"rendered":"BON\u00c9 \u2022 ASSOPRA FITAS"},"content":{"rendered":"<p>Gusang o maior assoprador de fitas do peda\u00e7o ganha seu bon\u00e9 cheio de estilo tendencioso fazendo um crossover de metal com games s\u00f3 para os f\u00e3s do som mais sujo, podre e METALLLL!<\/p>\n<p>Bon\u00e9 Baseball 6 gomos aba reta com patch ordado de alta qualidade e impress\u00e3o em baixo da aba em silk.<\/p>\n<p>Tamanho \u00fanico com regulagem.<\/p>\n","protected":false},"excerpt":{"rendered":"<p>Gusang o maior assoprador de fitas do peda\u00e7o ganha seu bon\u00e9 cheio de estilo tendencioso fazendo um crossover de metal com games s\u00f3 para os f\u00e3s do som mais sujo, podre e METALLLL! Bon\u00e9 Baseball 6 gomos aba reta com patch ordado de alta qualidade e impress\u00e3o em baixo da aba em silk. Tamanho \u00fanico [&#8230;]\n","protected":false},"featured_media":81747,"comment_status":"closed","ping_status":"closed","template":"","meta":[],"product_brand":[],"product_cat":[1491,1488],"product_tag":[1678,1662,545,1685,1684,1679,1677,1687,200,1680,1686,1682,1683,1324,1681],"class_list":{"0":"post-81754","1":"product","2":"type-product","3":"status-publish","4":"has-post-thumbnail","6":"product_cat-baseball-aba-reta","7":"product_cat-bone","8":"product_tag-assopra","9":"product_tag-bone","10":"product_tag-crossover","11":"product_tag-dirten","12":"product_tag-dri","13":"product_tag-fitas","14":"product_tag-gusang","15":"product_tag-imbecils","16":"product_tag-metal","17":"product_tag-ps2","18":"product_tag-rotten","19":"product_tag-suicidal","20":"product_tag-tendencies","21":"product_tag-youtube","22":"product_tag-youtuber","23":"pa_artista-gusang","24":"pa_tema-arte","25":"pa_tema-Mashup","26":"pa_tema-Musica","27":"pa_tema-oficial","28":"product_type-simple","29":"product_visibility-outofstock","53":"first","54":"outofstock","55":"shipping-taxable","56":"purchasable","57":"product-type-simple"},"_links":{"self":[{"href":"https:\/\/asbaratas.com.br\/loja\/wp-json\/wp\/v2\/product\/81754","targetHints":{"allow":["GET"]}}],"collection":[{"href":"https:\/\/asbaratas.com.br\/loja\/wp-json\/wp\/v2\/product"}],"about":[{"href":"https:\/\/asbaratas.com.br\/loja\/wp-json\/wp\/v2\/types\/product"}],"replies":[{"embeddable":true,"href":"https:\/\/asbaratas.com.br\/loja\/wp-json\/wp\/v2\/comments?post=81754"}],"wp:featuredmedia":[{"embeddable":true,"href":"https:\/\/asbaratas.com.br\/loja\/wp-json\/wp\/v2\/media\/81747"}],"wp:attachment":[{"href":"https:\/\/asbaratas.com.br\/loja\/wp-json\/wp\/v2\/media?parent=81754"}],"wp:term":[{"taxonomy":"product_brand","embeddable":true,"href":"https:\/\/asbaratas.com.br\/loja\/wp-json\/wp\/v2\/product_brand?post=81754"},{"taxonomy":"product_cat","embeddable":true,"href":"https:\/\/asbaratas.com.br\/loja\/wp-json\/wp\/v2\/product_cat?post=81754"},{"taxonomy":"product_tag","embeddable":true,"href":"https:\/\/asbaratas.com.br\/loja\/wp-json\/wp\/v2\/product_tag?post=81754"}],"curies":[{"name":"wp","href":"https:\/\/api.w.org\/{rel}","templated":true}]}}