{"id":81048,"date":"2023-10-20T14:52:51","date_gmt":"2023-10-20T17:52:51","guid":{"rendered":"https:\/\/asbaratas.com.br\/loja\/?post_type=product&#038;p=81048"},"modified":"2026-03-25T13:30:03","modified_gmt":"2026-03-25T16:30:03","slug":"bone-braaains","status":"publish","type":"product","link":"https:\/\/asbaratas.com.br\/loja\/produto\/bone-braaains\/","title":{"rendered":"BON\u00c9 \u2022 BRAAAINS"},"content":{"rendered":"<p>BRAAAINS! A volta dos mortos que nunca sairam dos nossos cora\u00e7\u00f5es tem seu bon\u00e9 com o zumbi punk mais zica do baile!<\/p>\n<p>Bon\u00e9 Baseball 6 gomos aba reta com patch ordado de alta qualidade e impress\u00e3o em baixo da aba.<\/p>\n<p>Tamanho \u00fanico com regulagem.<\/p>\n","protected":false},"excerpt":{"rendered":"<p>BRAAAINS! A volta dos mortos que nunca sairam dos nossos cora\u00e7\u00f5es tem seu bon\u00e9 com o zumbi punk mais zica do baile! Bon\u00e9 Baseball 6 gomos aba reta com patch ordado de alta qualidade e impress\u00e3o em baixo da aba. Tamanho \u00fanico com regulagem.<\/p>\n","protected":false},"featured_media":81026,"comment_status":"closed","ping_status":"closed","template":"","meta":[],"product_brand":[],"product_cat":[1491,1488],"product_tag":[],"class_list":{"0":"post-81048","1":"product","2":"type-product","3":"status-publish","4":"has-post-thumbnail","6":"product_cat-baseball-aba-reta","7":"product_cat-bone","8":"pa_artista-kiko-garcia","9":"pa_tema-Cinema","10":"pa_tema-Humor","11":"pa_tema-Parodia","12":"product_type-simple","20":"first","21":"instock","22":"shipping-taxable","23":"purchasable","24":"product-type-simple"},"_links":{"self":[{"href":"https:\/\/asbaratas.com.br\/loja\/wp-json\/wp\/v2\/product\/81048","targetHints":{"allow":["GET"]}}],"collection":[{"href":"https:\/\/asbaratas.com.br\/loja\/wp-json\/wp\/v2\/product"}],"about":[{"href":"https:\/\/asbaratas.com.br\/loja\/wp-json\/wp\/v2\/types\/product"}],"replies":[{"embeddable":true,"href":"https:\/\/asbaratas.com.br\/loja\/wp-json\/wp\/v2\/comments?post=81048"}],"wp:featuredmedia":[{"embeddable":true,"href":"https:\/\/asbaratas.com.br\/loja\/wp-json\/wp\/v2\/media\/81026"}],"wp:attachment":[{"href":"https:\/\/asbaratas.com.br\/loja\/wp-json\/wp\/v2\/media?parent=81048"}],"wp:term":[{"taxonomy":"product_brand","embeddable":true,"href":"https:\/\/asbaratas.com.br\/loja\/wp-json\/wp\/v2\/product_brand?post=81048"},{"taxonomy":"product_cat","embeddable":true,"href":"https:\/\/asbaratas.com.br\/loja\/wp-json\/wp\/v2\/product_cat?post=81048"},{"taxonomy":"product_tag","embeddable":true,"href":"https:\/\/asbaratas.com.br\/loja\/wp-json\/wp\/v2\/product_tag?post=81048"}],"curies":[{"name":"wp","href":"https:\/\/api.w.org\/{rel}","templated":true}]}}