{"id":81046,"date":"2023-10-20T14:02:57","date_gmt":"2023-10-20T17:02:57","guid":{"rendered":"https:\/\/asbaratas.com.br\/loja\/?post_type=product&#038;p=81046"},"modified":"2026-01-27T00:04:47","modified_gmt":"2026-01-27T03:04:47","slug":"bone-test-classic","status":"publish","type":"product","link":"https:\/\/asbaratas.com.br\/loja\/produto\/bone-test-classic\/","title":{"rendered":"BON\u00c9 \u2022 TEST Classic"},"content":{"rendered":"<p>Esse bon\u00e9 \u00e9 uma collab com o TEST, banda mais correria do Grind\/Death Metal BR, parte do valor das vendas \u00e9 revertido diretamente para o corre da banda!<\/p>\n<p><center><br \/>\n<iframe loading=\"lazy\" title=\"YouTube video player\" src=\"https:\/\/www.youtube.com\/embed\/G4ZGfIaQoMM\" width=\"800\" height=\"480\" frameborder=\"0\" allowfullscreen=\"allowfullscreen\"><\/iframe><\/center>Bon\u00e9 Americano Trucker com a frente em relevo bordado de alta qualidade e estampa embaixo da aba.<\/p>\n<p>Tamanho \u00fanico com regulagem.<\/p>\n<p>&nbsp;<\/p>\n<p>&nbsp;<\/p>\n","protected":false},"excerpt":{"rendered":"<p>Esse bon\u00e9 \u00e9 uma collab com o TEST, banda mais correria do Grind\/Death Metal BR, parte do valor das vendas \u00e9 revertido diretamente para o corre da banda! Bon\u00e9 Americano Trucker com a frente em relevo bordado de alta qualidade e estampa embaixo da aba. Tamanho \u00fanico com regulagem. &nbsp; &nbsp;<\/p>\n","protected":false},"featured_media":95720,"comment_status":"closed","ping_status":"closed","template":"","meta":[],"product_brand":[],"product_cat":[1488,1489],"product_tag":[],"class_list":{"0":"post-81046","1":"product","2":"type-product","3":"status-publish","4":"has-post-thumbnail","6":"product_cat-bone","7":"product_cat-trucker","8":"pa_artista-test","9":"pa_tema-Musica","10":"pa_tema-oficial","11":"product_type-simple","12":"product_visibility-outofstock","19":"first","20":"outofstock","21":"shipping-taxable","22":"purchasable","23":"product-type-simple"},"_links":{"self":[{"href":"https:\/\/asbaratas.com.br\/loja\/wp-json\/wp\/v2\/product\/81046","targetHints":{"allow":["GET"]}}],"collection":[{"href":"https:\/\/asbaratas.com.br\/loja\/wp-json\/wp\/v2\/product"}],"about":[{"href":"https:\/\/asbaratas.com.br\/loja\/wp-json\/wp\/v2\/types\/product"}],"replies":[{"embeddable":true,"href":"https:\/\/asbaratas.com.br\/loja\/wp-json\/wp\/v2\/comments?post=81046"}],"wp:featuredmedia":[{"embeddable":true,"href":"https:\/\/asbaratas.com.br\/loja\/wp-json\/wp\/v2\/media\/95720"}],"wp:attachment":[{"href":"https:\/\/asbaratas.com.br\/loja\/wp-json\/wp\/v2\/media?parent=81046"}],"wp:term":[{"taxonomy":"product_brand","embeddable":true,"href":"https:\/\/asbaratas.com.br\/loja\/wp-json\/wp\/v2\/product_brand?post=81046"},{"taxonomy":"product_cat","embeddable":true,"href":"https:\/\/asbaratas.com.br\/loja\/wp-json\/wp\/v2\/product_cat?post=81046"},{"taxonomy":"product_tag","embeddable":true,"href":"https:\/\/asbaratas.com.br\/loja\/wp-json\/wp\/v2\/product_tag?post=81046"}],"curies":[{"name":"wp","href":"https:\/\/api.w.org\/{rel}","templated":true}]}}