{"id":76842,"date":"2023-07-17T21:15:03","date_gmt":"2023-07-18T00:15:03","guid":{"rendered":"https:\/\/asbaratas.com.br\/loja\/?post_type=product&#038;p=76842"},"modified":"2025-12-10T19:42:50","modified_gmt":"2025-12-10T22:42:50","slug":"bone-punkinho","status":"publish","type":"product","link":"https:\/\/asbaratas.com.br\/loja\/produto\/bone-punkinho\/","title":{"rendered":"BON\u00c9 \u2022 PUNKINHO"},"content":{"rendered":"<p>O Punkinho mais atentadodo rol\u00ea chegou no bon\u00e9 minimalista mais classudo do peda\u00e7o.<\/p>\n<p>Bon\u00e9 Americano fechado com a frente em relevo emborrachado de alta qualidade.<\/p>\n<p>Tamanho \u00fanico com regulagem.<\/p>\n<p>&nbsp;<\/p>\n<p>&nbsp;<\/p>\n","protected":false},"excerpt":{"rendered":"<p>O Punkinho mais atentadodo rol\u00ea chegou no bon\u00e9 minimalista mais classudo do peda\u00e7o. Bon\u00e9 Americano fechado com a frente em relevo emborrachado de alta qualidade. Tamanho \u00fanico com regulagem. &nbsp; &nbsp;<\/p>\n","protected":false},"featured_media":76883,"comment_status":"closed","ping_status":"closed","template":"","meta":[],"product_brand":[],"product_cat":[1490,1488],"product_tag":[1632,1633,1571],"class_list":{"0":"post-76842","1":"product","2":"type-product","3":"status-publish","4":"has-post-thumbnail","6":"product_cat-americano-fechado","7":"product_cat-bone","8":"product_tag-canhota","9":"product_tag-canhoto","10":"product_tag-esquerda","11":"pa_artista-loud","12":"pa_tema-arte","13":"pa_tema-oficial","14":"product_type-simple","15":"product_visibility-outofstock","25":"first","26":"outofstock","27":"shipping-taxable","28":"purchasable","29":"product-type-simple"},"_links":{"self":[{"href":"https:\/\/asbaratas.com.br\/loja\/wp-json\/wp\/v2\/product\/76842","targetHints":{"allow":["GET"]}}],"collection":[{"href":"https:\/\/asbaratas.com.br\/loja\/wp-json\/wp\/v2\/product"}],"about":[{"href":"https:\/\/asbaratas.com.br\/loja\/wp-json\/wp\/v2\/types\/product"}],"replies":[{"embeddable":true,"href":"https:\/\/asbaratas.com.br\/loja\/wp-json\/wp\/v2\/comments?post=76842"}],"wp:featuredmedia":[{"embeddable":true,"href":"https:\/\/asbaratas.com.br\/loja\/wp-json\/wp\/v2\/media\/76883"}],"wp:attachment":[{"href":"https:\/\/asbaratas.com.br\/loja\/wp-json\/wp\/v2\/media?parent=76842"}],"wp:term":[{"taxonomy":"product_brand","embeddable":true,"href":"https:\/\/asbaratas.com.br\/loja\/wp-json\/wp\/v2\/product_brand?post=76842"},{"taxonomy":"product_cat","embeddable":true,"href":"https:\/\/asbaratas.com.br\/loja\/wp-json\/wp\/v2\/product_cat?post=76842"},{"taxonomy":"product_tag","embeddable":true,"href":"https:\/\/asbaratas.com.br\/loja\/wp-json\/wp\/v2\/product_tag?post=76842"}],"curies":[{"name":"wp","href":"https:\/\/api.w.org\/{rel}","templated":true}]}}