{"id":76841,"date":"2023-07-17T20:58:51","date_gmt":"2023-07-17T23:58:51","guid":{"rendered":"https:\/\/asbaratas.com.br\/loja\/?post_type=product&#038;p=76841"},"modified":"2025-12-21T17:21:37","modified_gmt":"2025-12-21T20:21:37","slug":"bone-molotovinho","status":"publish","type":"product","link":"https:\/\/asbaratas.com.br\/loja\/produto\/bone-molotovinho\/","title":{"rendered":"BON\u00c9 \u2022 MOLOTOVINHO"},"content":{"rendered":"<p>Bon\u00e9 do Molotovinho o mascote da revolu\u00e7\u00e3o concebido pela Groselha At\u00f4mica!<\/p>\n<p>Bon\u00e9 6 Panel aba curva com impress\u00e3o em baixo da aba e frente em relevo emborrachado de alta qualidade.<\/p>\n<p>Tamanho \u00fanico com regulagem.<\/p>\n","protected":false},"excerpt":{"rendered":"<p>Bon\u00e9 do Molotovinho o mascote da revolu\u00e7\u00e3o concebido pela Groselha At\u00f4mica! Bon\u00e9 6 Panel aba curva com impress\u00e3o em baixo da aba e frente em relevo emborrachado de alta qualidade. Tamanho \u00fanico com regulagem.<\/p>\n","protected":false},"featured_media":97517,"comment_status":"closed","ping_status":"closed","template":"","meta":[],"product_brand":[],"product_cat":[1488,1526],"product_tag":[1628,1632,1633,1571,274,1627,1581,1629,1630,1631,1570],"class_list":{"0":"post-76841","1":"product","2":"type-product","3":"status-publish","4":"has-post-thumbnail","6":"product_cat-bone","7":"product_cat-six-panel-aba-curva","8":"product_tag-atomica","9":"product_tag-canhota","10":"product_tag-canhoto","11":"product_tag-esquerda","12":"product_tag-fogo","13":"product_tag-groselha","14":"product_tag-molotov","15":"product_tag-molotovinho","16":"product_tag-molotovito","17":"product_tag-nos","18":"product_tag-soberana","19":"pa_artista-groselha","20":"pa_tema-arte","21":"pa_tema-oficial","22":"product_type-simple","40":"first","41":"instock","42":"shipping-taxable","43":"purchasable","44":"product-type-simple"},"_links":{"self":[{"href":"https:\/\/asbaratas.com.br\/loja\/wp-json\/wp\/v2\/product\/76841","targetHints":{"allow":["GET"]}}],"collection":[{"href":"https:\/\/asbaratas.com.br\/loja\/wp-json\/wp\/v2\/product"}],"about":[{"href":"https:\/\/asbaratas.com.br\/loja\/wp-json\/wp\/v2\/types\/product"}],"replies":[{"embeddable":true,"href":"https:\/\/asbaratas.com.br\/loja\/wp-json\/wp\/v2\/comments?post=76841"}],"wp:featuredmedia":[{"embeddable":true,"href":"https:\/\/asbaratas.com.br\/loja\/wp-json\/wp\/v2\/media\/97517"}],"wp:attachment":[{"href":"https:\/\/asbaratas.com.br\/loja\/wp-json\/wp\/v2\/media?parent=76841"}],"wp:term":[{"taxonomy":"product_brand","embeddable":true,"href":"https:\/\/asbaratas.com.br\/loja\/wp-json\/wp\/v2\/product_brand?post=76841"},{"taxonomy":"product_cat","embeddable":true,"href":"https:\/\/asbaratas.com.br\/loja\/wp-json\/wp\/v2\/product_cat?post=76841"},{"taxonomy":"product_tag","embeddable":true,"href":"https:\/\/asbaratas.com.br\/loja\/wp-json\/wp\/v2\/product_tag?post=76841"}],"curies":[{"name":"wp","href":"https:\/\/api.w.org\/{rel}","templated":true}]}}