{"id":72201,"date":"2023-03-29T01:21:00","date_gmt":"2023-03-29T04:21:00","guid":{"rendered":"https:\/\/asbaratas.com.br\/loja\/?post_type=product&#038;p=72201"},"modified":"2025-12-10T19:42:47","modified_gmt":"2025-12-10T22:42:47","slug":"bone-fresh-load","status":"publish","type":"product","link":"https:\/\/asbaratas.com.br\/loja\/produto\/bone-fresh-load\/","title":{"rendered":"BON\u00c9 \u2022 FRESH L\u00d8AD"},"content":{"rendered":"<p>Bon\u00e9 aba reta para voc\u00ea assim como o @loadcomics que adora qualidade e algo diferenciado no mercado,<\/p>\n<p>&nbsp;<\/p>\n<p>Bon\u00e9 5 Panel aba reta com impress\u00e3o em silk em baixo da aba e frente em relevo emborrachado de alta qualidade.<\/p>\n<p>Tamanho \u00fanico com regulagem de fivela.<\/p>\n","protected":false},"excerpt":{"rendered":"<p>Bon\u00e9 aba reta para voc\u00ea assim como o @loadcomics que adora qualidade e algo diferenciado no mercado, &nbsp; Bon\u00e9 5 Panel aba reta com impress\u00e3o em silk em baixo da aba e frente em relevo emborrachado de alta qualidade. Tamanho \u00fanico com regulagem de fivela.<\/p>\n","protected":false},"featured_media":72202,"comment_status":"closed","ping_status":"closed","template":"","meta":[],"product_brand":[],"product_cat":[1488,1591],"product_tag":[1632,1633,1571],"class_list":{"0":"post-72201","1":"product","2":"type-product","3":"status-publish","4":"has-post-thumbnail","6":"product_cat-bone","7":"product_cat-five-panel-aba-reta","8":"product_tag-canhota","9":"product_tag-canhoto","10":"product_tag-esquerda","11":"pa_artista-load","12":"pa_tema-arte","13":"pa_tema-oficial","14":"product_type-simple","15":"product_visibility-outofstock","25":"first","26":"outofstock","27":"shipping-taxable","28":"purchasable","29":"product-type-simple"},"_links":{"self":[{"href":"https:\/\/asbaratas.com.br\/loja\/wp-json\/wp\/v2\/product\/72201","targetHints":{"allow":["GET"]}}],"collection":[{"href":"https:\/\/asbaratas.com.br\/loja\/wp-json\/wp\/v2\/product"}],"about":[{"href":"https:\/\/asbaratas.com.br\/loja\/wp-json\/wp\/v2\/types\/product"}],"replies":[{"embeddable":true,"href":"https:\/\/asbaratas.com.br\/loja\/wp-json\/wp\/v2\/comments?post=72201"}],"wp:featuredmedia":[{"embeddable":true,"href":"https:\/\/asbaratas.com.br\/loja\/wp-json\/wp\/v2\/media\/72202"}],"wp:attachment":[{"href":"https:\/\/asbaratas.com.br\/loja\/wp-json\/wp\/v2\/media?parent=72201"}],"wp:term":[{"taxonomy":"product_brand","embeddable":true,"href":"https:\/\/asbaratas.com.br\/loja\/wp-json\/wp\/v2\/product_brand?post=72201"},{"taxonomy":"product_cat","embeddable":true,"href":"https:\/\/asbaratas.com.br\/loja\/wp-json\/wp\/v2\/product_cat?post=72201"},{"taxonomy":"product_tag","embeddable":true,"href":"https:\/\/asbaratas.com.br\/loja\/wp-json\/wp\/v2\/product_tag?post=72201"}],"curies":[{"name":"wp","href":"https:\/\/api.w.org\/{rel}","templated":true}]}}