{"id":6513,"date":"2017-09-11T14:34:46","date_gmt":"2017-09-11T17:34:46","guid":{"rendered":"https:\/\/asbaratas.com.br\/loja\/produto\/acredite_masc\/"},"modified":"2026-03-29T11:10:24","modified_gmt":"2026-03-29T14:10:24","slug":"acredite","status":"publish","type":"product","link":"https:\/\/asbaratas.com.br\/loja\/produto\/acredite\/","title":{"rendered":"ACREDITE"},"content":{"rendered":"<p>Inspirada no filme cl\u00e1ssico de John Carpenter e misturada com elementos cotidianos, temos a camiseta perfeita para abrir os olhos de todos ao seu redor. ACREDITE, OBEDE\u00c7A, COMPRE, SE REPRODUZA E USE ESSA CAMISETA!<\/p>\n<p>Malha em 100% algod\u00e3o na cor preta com estampa em silk de alta qualidade.<\/p>\n<p>A taxa de encolhimento \u00e9 em m\u00e9dia 3% variando dos m\u00e9todos de lavagem.<\/p>\n<p>DICAS PARA SUA CAMISETA DURAR MUITO:<br \/>\n\u2022 LAVE COM \u00c1GUA FRIA<br \/>\n\u2022 PASSE ELA DO AVESSO<br \/>\n\u2022 N\u00c3O COLOQUE NA M\u00c1QUINA DE SECAR<br \/>\n\u2022 N\u00c3O DEIXE DE MOLHO<br \/>\n\u2022 SEMPRE SEQUE \u00c0 SOMBRA<\/p>\n<p>Arte por Marcelo Damm<\/p>\n<p>As camisetas s\u00e3o despachadas em at\u00e9 3 dias \u00fateis.<\/p>\n","protected":false},"excerpt":{"rendered":"<p>Inspirada no filme cl\u00e1ssico de John Carpenter e misturada com elementos cotidianos, temos a camiseta perfeita para abrir os olhos de todos ao seu redor. ACREDITE, OBEDE\u00c7A, COMPRE, SE REPRODUZA E USE ESSA CAMISETA! Malha em 100% algod\u00e3o na cor preta com estampa em silk de alta qualidade. A taxa de encolhimento \u00e9 em m\u00e9dia [&#8230;]\n","protected":false},"featured_media":91891,"comment_status":"open","ping_status":"closed","template":"","meta":[],"product_brand":[],"product_cat":[83],"product_tag":[182,181,980,1239,983,183,985,184,979,982,978,932,1242,536,981,984],"class_list":{"0":"post-6513","1":"product","2":"type-product","3":"status-publish","4":"has-post-thumbnail","6":"product_cat-camiseta-reta","7":"product_tag-camisa","8":"product_tag-camiseta","9":"product_tag-carpenter","10":"product_tag-cult","11":"product_tag-eles","12":"product_tag-estampa","13":"product_tag-et","14":"product_tag-ilustracao","15":"product_tag-john-carpenter","16":"product_tag-live","17":"product_tag-obey","18":"product_tag-podtrash","19":"product_tag-politic","20":"product_tag-terror","21":"product_tag-they","22":"product_tag-vivem","23":"pa_artista-damm","24":"pa_cor-preto","25":"pa_tamanho-2g","26":"pa_tamanho-3g","27":"pa_tamanho-4g","28":"pa_tamanho-5g","29":"pa_tamanho-g","30":"pa_tamanho-m","31":"pa_tamanho-p","32":"pa_tamanho-pp","33":"pa_tema-Cinema","34":"pa_tema-Televisao","35":"product_type-variable","66":"first","67":"instock","68":"shipping-taxable","69":"purchasable","70":"product-type-variable","71":"has-default-attributes"},"_links":{"self":[{"href":"https:\/\/asbaratas.com.br\/loja\/wp-json\/wp\/v2\/product\/6513","targetHints":{"allow":["GET"]}}],"collection":[{"href":"https:\/\/asbaratas.com.br\/loja\/wp-json\/wp\/v2\/product"}],"about":[{"href":"https:\/\/asbaratas.com.br\/loja\/wp-json\/wp\/v2\/types\/product"}],"replies":[{"embeddable":true,"href":"https:\/\/asbaratas.com.br\/loja\/wp-json\/wp\/v2\/comments?post=6513"}],"wp:featuredmedia":[{"embeddable":true,"href":"https:\/\/asbaratas.com.br\/loja\/wp-json\/wp\/v2\/media\/91891"}],"wp:attachment":[{"href":"https:\/\/asbaratas.com.br\/loja\/wp-json\/wp\/v2\/media?parent=6513"}],"wp:term":[{"taxonomy":"product_brand","embeddable":true,"href":"https:\/\/asbaratas.com.br\/loja\/wp-json\/wp\/v2\/product_brand?post=6513"},{"taxonomy":"product_cat","embeddable":true,"href":"https:\/\/asbaratas.com.br\/loja\/wp-json\/wp\/v2\/product_cat?post=6513"},{"taxonomy":"product_tag","embeddable":true,"href":"https:\/\/asbaratas.com.br\/loja\/wp-json\/wp\/v2\/product_tag?post=6513"}],"curies":[{"name":"wp","href":"https:\/\/api.w.org\/{rel}","templated":true}]}}