{"id":41824,"date":"2019-12-12T18:45:33","date_gmt":"2019-12-12T21:45:33","guid":{"rendered":"https:\/\/asbaratas.com.br\/loja\/?post_type=product&#038;p=41824"},"modified":"2025-12-21T01:50:05","modified_gmt":"2025-12-21T04:50:05","slug":"washmen-copia","status":"publish","type":"product","link":"https:\/\/asbaratas.com.br\/loja\/produto\/washmen-copia\/","title":{"rendered":"WASHMEN"},"content":{"rendered":"<p>Quem banha os banhistas? E essa e outras perguntas s\u00e3o feitas nessa arte ass\u00e9ptica com o deus azul\u00e3o favorito da galera!<\/p>\n<p>Malha em 100% algod\u00e3o na cor preta com estampa em silk de alta qualidade.<\/p>\n<p>A taxa de encolhimento \u00e9 em m\u00e9dia 3% variando dos m\u00e9todos de lavagem.<\/p>\n<p>DICAS PARA SUA CAMISETA DURAR MUITO:<br \/>\n\u2022 LAVE COM \u00c1GUA FRIA<br \/>\n\u2022 PASSE ELA DO AVESSO<br \/>\n\u2022 N\u00c3O COLOQUE NA M\u00c1QUINA DE SECAR<br \/>\n\u2022 N\u00c3O DEIXE DE MOLHO<br \/>\n\u2022 SEMPRE SEQUE \u00c0 SOMBRA<\/p>\n<p>Arte por Camilo Solano<\/p>\n<p>As camisetas s\u00e3o despachadas em at\u00e9 3 dias \u00fateis.<\/p>\n","protected":false},"excerpt":{"rendered":"<p>Quem banha os banhistas? E essa e outras perguntas s\u00e3o feitas nessa arte ass\u00e9ptica com o deus azul\u00e3o favorito da galera! Malha em 100% algod\u00e3o na cor preta com estampa em silk de alta qualidade. A taxa de encolhimento \u00e9 em m\u00e9dia 3% variando dos m\u00e9todos de lavagem. DICAS PARA SUA CAMISETA DURAR MUITO: \u2022 [&#8230;]\n","protected":false},"featured_media":41989,"comment_status":"open","ping_status":"closed","template":"","meta":[],"product_brand":[],"product_cat":[72,74],"product_tag":[231,229,232,230,1240,182,181,1075,1077,194,1076,183,195,191,190,184,238,234,233,1242,193,228,1074,236,235,237,239],"class_list":{"0":"post-41824","1":"product","2":"type-product","3":"status-publish","4":"has-post-thumbnail","6":"product_cat-feminina","7":"product_cat-mullet","8":"product_tag-alan","9":"product_tag-alan-moore","10":"product_tag-allan","11":"product_tag-allan-moore","12":"product_tag-antifa","13":"product_tag-camisa","14":"product_tag-camiseta","15":"product_tag-changin","16":"product_tag-clock","17":"product_tag-comics","18":"product_tag-doomsday","19":"product_tag-estampa","20":"product_tag-gibi","21":"product_tag-historia-em-quadrinhos","22":"product_tag-hq","23":"product_tag-ilustracao","24":"product_tag-liga-extraordinaria","25":"product_tag-mago","26":"product_tag-moore","27":"product_tag-politic","28":"product_tag-quadrinhos","29":"product_tag-revista-em-quadrinhos","30":"product_tag-times","31":"product_tag-v","32":"product_tag-v-de-vinganca","33":"product_tag-vinganca","34":"product_tag-watchmen","35":"pa_artista-camilo","36":"pa_cor-preto","37":"pa_tamanho-2g","38":"pa_tamanho-3g","39":"pa_tamanho-4g","40":"pa_tamanho-5g","41":"pa_tamanho-g","42":"pa_tamanho-m","43":"pa_tamanho-p","44":"pa_tamanho-pp","45":"pa_tema-Cinema","46":"pa_tema-HQ","47":"pa_tema-Parodia","48":"product_type-variable","92":"first","93":"instock","94":"shipping-taxable","95":"purchasable","96":"product-type-variable"},"_links":{"self":[{"href":"https:\/\/asbaratas.com.br\/loja\/wp-json\/wp\/v2\/product\/41824","targetHints":{"allow":["GET"]}}],"collection":[{"href":"https:\/\/asbaratas.com.br\/loja\/wp-json\/wp\/v2\/product"}],"about":[{"href":"https:\/\/asbaratas.com.br\/loja\/wp-json\/wp\/v2\/types\/product"}],"replies":[{"embeddable":true,"href":"https:\/\/asbaratas.com.br\/loja\/wp-json\/wp\/v2\/comments?post=41824"}],"wp:featuredmedia":[{"embeddable":true,"href":"https:\/\/asbaratas.com.br\/loja\/wp-json\/wp\/v2\/media\/41989"}],"wp:attachment":[{"href":"https:\/\/asbaratas.com.br\/loja\/wp-json\/wp\/v2\/media?parent=41824"}],"wp:term":[{"taxonomy":"product_brand","embeddable":true,"href":"https:\/\/asbaratas.com.br\/loja\/wp-json\/wp\/v2\/product_brand?post=41824"},{"taxonomy":"product_cat","embeddable":true,"href":"https:\/\/asbaratas.com.br\/loja\/wp-json\/wp\/v2\/product_cat?post=41824"},{"taxonomy":"product_tag","embeddable":true,"href":"https:\/\/asbaratas.com.br\/loja\/wp-json\/wp\/v2\/product_tag?post=41824"}],"curies":[{"name":"wp","href":"https:\/\/api.w.org\/{rel}","templated":true}]}}