{"id":41788,"date":"2019-12-17T20:41:05","date_gmt":"2019-12-17T23:41:05","guid":{"rendered":"https:\/\/asbaratas.com.br\/loja\/?post_type=product&#038;p=41788"},"modified":"2025-12-21T01:50:05","modified_gmt":"2025-12-21T04:50:05","slug":"taxi_joker_f","status":"publish","type":"product","link":"https:\/\/asbaratas.com.br\/loja\/produto\/taxi_joker_f\/","title":{"rendered":"TAXI JOKER"},"content":{"rendered":"<p>No meio do caos e de uma sociedade podre decadente o recado \u00e9 n\u00e3o brincar com fog&#8230;palha\u00e7os!<\/p>\n<p>Malha em 100% algod\u00e3o na cor preta com estampa em silk de alta qualidade.<\/p>\n<p>A taxa de encolhimento \u00e9 em m\u00e9dia 3% variando dos m\u00e9todos de lavagem.<\/p>\n<p>DICAS PARA SUA CAMISETA DURAR MUITO:<br \/>\n\u2022 LAVE COM \u00c1GUA FRIA<br \/>\n\u2022 PASSE ELA DO AVESSO<br \/>\n\u2022 N\u00c3O COLOQUE NA M\u00c1QUINA DE SECAR<br \/>\n\u2022 N\u00c3O DEIXE DE MOLHO<br \/>\n\u2022 SEMPRE SEQUE \u00c0 SOMBRA<\/p>\n<p>Arte por BUTCHER BILLY<\/p>\n<p>As camisetas s\u00e3o despachadas em at\u00e9 3 dias \u00fateis.<\/p>\n","protected":false},"excerpt":{"rendered":"<p>No meio do caos e de uma sociedade podre decadente o recado \u00e9 n\u00e3o brincar com fog&#8230;palha\u00e7os! Malha em 100% algod\u00e3o na cor preta com estampa em silk de alta qualidade. A taxa de encolhimento \u00e9 em m\u00e9dia 3% variando dos m\u00e9todos de lavagem. DICAS PARA SUA CAMISETA DURAR MUITO: \u2022 LAVE COM \u00c1GUA FRIA [&#8230;]\n","protected":false},"featured_media":41996,"comment_status":"open","ping_status":"closed","template":"","meta":[],"product_brand":[],"product_cat":[72,74],"product_tag":[301,335,182,181,315,336,213,194,183,212,330,332,329,191,334,321,190,184,333,331,322,193,192,302,337],"class_list":{"0":"post-41788","1":"product","2":"type-product","3":"status-publish","4":"has-post-thumbnail","6":"product_cat-feminina","7":"product_cat-mullet","8":"product_tag-batman","9":"product_tag-batman-e-robin","10":"product_tag-camisa","11":"product_tag-camiseta","12":"product_tag-cavaleiro","13":"product_tag-cavaleiro-das-trevas","14":"product_tag-cinema","15":"product_tag-comics","16":"product_tag-estampa","17":"product_tag-filme","18":"product_tag-flavio","19":"product_tag-flavio-luis","20":"product_tag-flavio-luiz","21":"product_tag-historia-em-quadrinhos","22":"product_tag-homem","23":"product_tag-homem-morcego","24":"product_tag-hq","25":"product_tag-ilustracao","26":"product_tag-luis","27":"product_tag-luiz","28":"product_tag-morcego","29":"product_tag-quadrinhos","30":"product_tag-revista","31":"product_tag-robin","32":"product_tag-tre","33":"pa_artista-butcher_billy","34":"pa_cor-preto","35":"pa_tamanho-2g","36":"pa_tamanho-3g","37":"pa_tamanho-4g","38":"pa_tamanho-5g","39":"pa_tamanho-g","40":"pa_tamanho-m","41":"pa_tamanho-p","42":"pa_tamanho-pp","43":"pa_tema-arte","44":"pa_tema-Cinema","45":"pa_tema-Mashup","46":"pa_tema-Parodia","47":"product_type-variable","90":"first","91":"instock","92":"shipping-taxable","93":"purchasable","94":"product-type-variable"},"_links":{"self":[{"href":"https:\/\/asbaratas.com.br\/loja\/wp-json\/wp\/v2\/product\/41788","targetHints":{"allow":["GET"]}}],"collection":[{"href":"https:\/\/asbaratas.com.br\/loja\/wp-json\/wp\/v2\/product"}],"about":[{"href":"https:\/\/asbaratas.com.br\/loja\/wp-json\/wp\/v2\/types\/product"}],"replies":[{"embeddable":true,"href":"https:\/\/asbaratas.com.br\/loja\/wp-json\/wp\/v2\/comments?post=41788"}],"wp:featuredmedia":[{"embeddable":true,"href":"https:\/\/asbaratas.com.br\/loja\/wp-json\/wp\/v2\/media\/41996"}],"wp:attachment":[{"href":"https:\/\/asbaratas.com.br\/loja\/wp-json\/wp\/v2\/media?parent=41788"}],"wp:term":[{"taxonomy":"product_brand","embeddable":true,"href":"https:\/\/asbaratas.com.br\/loja\/wp-json\/wp\/v2\/product_brand?post=41788"},{"taxonomy":"product_cat","embeddable":true,"href":"https:\/\/asbaratas.com.br\/loja\/wp-json\/wp\/v2\/product_cat?post=41788"},{"taxonomy":"product_tag","embeddable":true,"href":"https:\/\/asbaratas.com.br\/loja\/wp-json\/wp\/v2\/product_tag?post=41788"}],"curies":[{"name":"wp","href":"https:\/\/api.w.org\/{rel}","templated":true}]}}