{"id":3989,"date":"2017-03-15T01:26:09","date_gmt":"2017-03-15T04:26:09","guid":{"rendered":"http:\/\/WONDER_FEM"},"modified":"2025-12-20T01:42:11","modified_gmt":"2025-12-20T04:42:11","slug":"wonder_fem","status":"publish","type":"product","link":"https:\/\/asbaratas.com.br\/loja\/produto\/wonder_fem\/","title":{"rendered":"WONDER"},"content":{"rendered":"<p>A camiseta definitiva para as mulheres, pois n\u00e3o importa seu peso, altura ou idade, todas s\u00e3o maravilhosas!<\/p>\n<p>Uma homenagem d&#8217;As Baratas a todas as nossas lindas clientes!<\/p>\n<p>Camiseta feita com nossa malha 100% algod\u00e3o, na cor vermelho goiaba e estampa com silk de alta qualidade.<\/p>\n<p>A taxa de encolhimento \u00e9 em m\u00e9dia 3% variando dos m\u00e9todos de lavagem.<\/p>\n<p>DICAS PARA SUA CAMISETA DURAR MUITO:<br \/>\n\u2022 LAVE COM \u00c1GUA FRIA<br \/>\n\u2022 PASSE ELA DO AVESSO<br \/>\n\u2022 N\u00c3O COLOQUE NA M\u00c1QUINA DE SECAR<br \/>\n\u2022 N\u00c3O DEIXE DE MOLHO<br \/>\n\u2022 SEMPRE SEQUE \u00c0 SOMBRA<\/p>\n<p>Arte por PriWi<br \/>\nConhe\u00e7a seu trabalho:\u00a0<a href=\"http:\/\/www.priwi.net\/\" target=\"_blank\" rel=\"noopener noreferrer\">http:\/\/www.priwi.net\/<\/a><\/p>\n<p>As camisetas s\u00e3o despachadas em at\u00e9 3 dias \u00fatis.<\/p>\n","protected":false},"excerpt":{"rendered":"<p>A camiseta definitiva para as mulheres, pois n\u00e3o importa seu peso, altura ou idade, todas s\u00e3o maravilhosas! Uma homenagem d&#8217;As Baratas a todas as nossas lindas clientes! Camiseta feita com nossa malha 100% algod\u00e3o, na cor vermelho goiaba e estampa com silk de alta qualidade. A taxa de encolhimento \u00e9 em m\u00e9dia 3% variando dos [&#8230;]\n","protected":false},"featured_media":3990,"comment_status":"open","ping_status":"closed","template":"","meta":[],"product_brand":[],"product_cat":[72,74],"product_tag":[924,182,181,194,320,183,195,191,190,923,922,1242,925,851,850,921],"class_list":{"0":"post-3989","1":"product","2":"type-product","3":"status-publish","4":"has-post-thumbnail","6":"product_cat-feminina","7":"product_cat-mullet","8":"product_tag-babylook","9":"product_tag-camisa","10":"product_tag-camiseta","11":"product_tag-comics","12":"product_tag-dc","13":"product_tag-estampa","14":"product_tag-gibi","15":"product_tag-historia-em-quadrinhos","16":"product_tag-hq","17":"product_tag-malha-verao","18":"product_tag-mulher-maravilha","19":"product_tag-politic","20":"product_tag-priwi","21":"product_tag-super-homem","22":"product_tag-superman","23":"product_tag-wonder-woman","24":"pa_artista-priwi","25":"pa_cor-goiaba","26":"pa_malha-algodao","27":"pa_tamanho-2g","28":"pa_tamanho-3g","29":"pa_tamanho-g","30":"pa_tamanho-m","31":"pa_tamanho-p","32":"pa_tamanho-pp","33":"pa_tema-Cinema","34":"pa_tema-HQ","35":"pa_tema-Humor","36":"product_type-variable","37":"product_visibility-outofstock","69":"first","70":"outofstock","71":"shipping-taxable","72":"purchasable","73":"product-type-variable"},"_links":{"self":[{"href":"https:\/\/asbaratas.com.br\/loja\/wp-json\/wp\/v2\/product\/3989","targetHints":{"allow":["GET"]}}],"collection":[{"href":"https:\/\/asbaratas.com.br\/loja\/wp-json\/wp\/v2\/product"}],"about":[{"href":"https:\/\/asbaratas.com.br\/loja\/wp-json\/wp\/v2\/types\/product"}],"replies":[{"embeddable":true,"href":"https:\/\/asbaratas.com.br\/loja\/wp-json\/wp\/v2\/comments?post=3989"}],"wp:featuredmedia":[{"embeddable":true,"href":"https:\/\/asbaratas.com.br\/loja\/wp-json\/wp\/v2\/media\/3990"}],"wp:attachment":[{"href":"https:\/\/asbaratas.com.br\/loja\/wp-json\/wp\/v2\/media?parent=3989"}],"wp:term":[{"taxonomy":"product_brand","embeddable":true,"href":"https:\/\/asbaratas.com.br\/loja\/wp-json\/wp\/v2\/product_brand?post=3989"},{"taxonomy":"product_cat","embeddable":true,"href":"https:\/\/asbaratas.com.br\/loja\/wp-json\/wp\/v2\/product_cat?post=3989"},{"taxonomy":"product_tag","embeddable":true,"href":"https:\/\/asbaratas.com.br\/loja\/wp-json\/wp\/v2\/product_tag?post=3989"}],"curies":[{"name":"wp","href":"https:\/\/api.w.org\/{rel}","templated":true}]}}