{"id":3291,"date":"2017-03-15T01:19:59","date_gmt":"2017-03-15T04:19:59","guid":{"rendered":"http:\/\/LEGEND_RAGMASC"},"modified":"2026-04-17T19:32:04","modified_gmt":"2026-04-17T22:32:04","slug":"legend_rag","status":"publish","type":"product","link":"https:\/\/asbaratas.com.br\/loja\/produto\/legend_rag\/","title":{"rendered":"LEGEND"},"content":{"rendered":"<p>F\u00e3s da s\u00e9rie Zelda podem delirar com essa camiseta sensacional fazendo o mashup perfeito entre Zelda e Star Wars!<\/p>\n<p>Malha em 100% algod\u00e3o na cor<strong> verde escuro<\/strong> com estampa em silk de alta qualidade.<\/p>\n<p><em>\u2022 Essa estampa possui marcas de desgaste que fazem parte do design para dar um ar mais vintage a pe\u00e7a!<\/em><\/p>\n<p>A taxa de encolhimento \u00e9 em m\u00e9dia 3% variando dos m\u00e9todos de lavagem.<\/p>\n<p>DICAS PARA SUA CAMISETA DURAR MUITO:<br \/>\n\u2022 LAVE COM \u00c1GUA FRIA<br \/>\n\u2022 PASSE ELA DO AVESSO<br \/>\n\u2022 N\u00c3O COLOQUE NA M\u00c1QUINA DE SECAR<br \/>\n\u2022 N\u00c3O DEIXE DE MOLHO<br \/>\n\u2022 SEMPRE SEQUE \u00c0 SOMBRA<\/p>\n<p>Arte por DUDU TORRES<\/p>\n<p>As camisetas s\u00e3o despachadas em at\u00e9 3 dias \u00fateis.<\/p>\n","protected":false},"excerpt":{"rendered":"<p>F\u00e3s da s\u00e9rie Zelda podem delirar com essa camiseta sensacional fazendo o mashup perfeito entre Zelda e Star Wars! Malha em 100% algod\u00e3o na cor verde escuro com estampa em silk de alta qualidade. \u2022 Essa estampa possui marcas de desgaste que fazem parte do design para dar um ar mais vintage a pe\u00e7a! A [&#8230;]\n","protected":false},"featured_media":3292,"comment_status":"open","ping_status":"closed","template":"","meta":[],"product_brand":[],"product_cat":[83],"product_tag":[182,181,183,675,674,672,670,673,671],"class_list":{"0":"post-3291","1":"product","2":"type-product","3":"status-publish","4":"has-post-thumbnail","6":"product_cat-camiseta-reta","7":"product_tag-camisa","8":"product_tag-camiseta","9":"product_tag-estampa","10":"product_tag-link","11":"product_tag-nintendo","12":"product_tag-ocarina","13":"product_tag-raglan","14":"product_tag-time","15":"product_tag-zelda","16":"pa_artista-dudu","17":"pa_cor-verde","18":"pa_tamanho-2g","19":"pa_tamanho-3g","20":"pa_tamanho-4g","21":"pa_tamanho-g","22":"pa_tamanho-m","23":"pa_tamanho-p","24":"pa_tema-Games","25":"pa_tema-Oriental","26":"product_type-variable","27":"product_visibility-outofstock","49":"first","50":"outofstock","51":"shipping-taxable","52":"purchasable","53":"product-type-variable"},"_links":{"self":[{"href":"https:\/\/asbaratas.com.br\/loja\/wp-json\/wp\/v2\/product\/3291","targetHints":{"allow":["GET"]}}],"collection":[{"href":"https:\/\/asbaratas.com.br\/loja\/wp-json\/wp\/v2\/product"}],"about":[{"href":"https:\/\/asbaratas.com.br\/loja\/wp-json\/wp\/v2\/types\/product"}],"replies":[{"embeddable":true,"href":"https:\/\/asbaratas.com.br\/loja\/wp-json\/wp\/v2\/comments?post=3291"}],"wp:featuredmedia":[{"embeddable":true,"href":"https:\/\/asbaratas.com.br\/loja\/wp-json\/wp\/v2\/media\/3292"}],"wp:attachment":[{"href":"https:\/\/asbaratas.com.br\/loja\/wp-json\/wp\/v2\/media?parent=3291"}],"wp:term":[{"taxonomy":"product_brand","embeddable":true,"href":"https:\/\/asbaratas.com.br\/loja\/wp-json\/wp\/v2\/product_brand?post=3291"},{"taxonomy":"product_cat","embeddable":true,"href":"https:\/\/asbaratas.com.br\/loja\/wp-json\/wp\/v2\/product_cat?post=3291"},{"taxonomy":"product_tag","embeddable":true,"href":"https:\/\/asbaratas.com.br\/loja\/wp-json\/wp\/v2\/product_tag?post=3291"}],"curies":[{"name":"wp","href":"https:\/\/api.w.org\/{rel}","templated":true}]}}