{"id":3153,"date":"2017-03-15T01:18:38","date_gmt":"2017-03-15T04:18:38","guid":{"rendered":"http:\/\/MASC_JAWS19"},"modified":"2026-04-17T19:31:54","modified_gmt":"2026-04-17T22:31:54","slug":"jaws19","status":"publish","type":"product","link":"https:\/\/asbaratas.com.br\/loja\/produto\/jaws19\/","title":{"rendered":"JAWS 19"},"content":{"rendered":"<p>21 de outubro, como todos sabem, \u00e9 a data de estreia desse grande filme de tubar\u00e3o! Com direito a hoverboards, carros voadores e viagens no tempo tamb\u00e9m!<\/p>\n<p>Malha em 100% algod\u00e3o na cor branca com estampa em silk de alta qualidade.<\/p>\n<p>A taxa de encolhimento \u00e9 em m\u00e9dia 3% variando dos m\u00e9todos de lavagem.<\/p>\n<p>DICAS PARA SUA CAMISETA DURAR MUITO:<br \/>\n\u2022 LAVE COM \u00c1GUA FRIA<br \/>\n\u2022 PASSE ELA DO AVESSO<br \/>\n\u2022 N\u00c3O COLOQUE NA M\u00c1QUINA DE SECAR<br \/>\n\u2022 N\u00c3O DEIXE DE MOLHO<br \/>\n\u2022 SEMPRE SEQUE \u00c0 SOMBRA<\/p>\n<p>Arte por Marcelo Damm<br \/>\nConhe\u00e7a seu trabalho em https:\/\/quemnaosabeescreverdesenha.wordpress.com<\/p>\n<p>As camisetas s\u00e3o despachadas em at\u00e9 3 dias \u00fateis.<\/p>\n","protected":false},"excerpt":{"rendered":"<p>21 de outubro, como todos sabem, \u00e9 a data de estreia desse grande filme de tubar\u00e3o! Com direito a hoverboards, carros voadores e viagens no tempo tamb\u00e9m! Malha em 100% algod\u00e3o na cor branca com estampa em silk de alta qualidade. A taxa de encolhimento \u00e9 em m\u00e9dia 3% variando dos m\u00e9todos de lavagem. DICAS [&#8230;]\n","protected":false},"featured_media":95254,"comment_status":"open","ping_status":"closed","template":"","meta":[],"product_brand":[],"product_cat":[83],"product_tag":[182,181,213,288,294,183,212,290,254,644,184,640,641,292,291,293,299,297,295,296,643,289,298],"class_list":{"0":"post-3153","1":"product","2":"type-product","3":"status-publish","4":"has-post-thumbnail","6":"product_cat-camiseta-reta","7":"product_tag-camisa","8":"product_tag-camiseta","9":"product_tag-cinema","10":"product_tag-de-volta-para-o-futuro","11":"product_tag-doutor","12":"product_tag-estampa","13":"product_tag-filme","14":"product_tag-futuro","15":"product_tag-george-lucas","16":"product_tag-ho","17":"product_tag-ilustracao","18":"product_tag-jaws","19":"product_tag-jaws19","20":"product_tag-marty","21":"product_tag-marty-mcfly","22":"product_tag-mcfly","23":"product_tag-michael-j-fox","24":"product_tag-robert","25":"product_tag-robert-zemeckis","26":"product_tag-steven-spielbg","27":"product_tag-tubarao","28":"product_tag-volta","29":"product_tag-zemeckis","30":"pa_artista-damm","31":"pa_cor-branco","32":"pa_tamanho-2g","33":"pa_tamanho-3g","34":"pa_tamanho-4g","35":"pa_tamanho-5g","36":"pa_tamanho-g","37":"pa_tamanho-m","38":"pa_tamanho-p","39":"pa_tamanho-pp","40":"pa_tema-Cinema","41":"pa_tema-Humor","42":"pa_tema-Mashup","43":"pa_tema-Parodia","44":"product_type-variable","84":"first","85":"instock","86":"shipping-taxable","87":"purchasable","88":"product-type-variable"},"_links":{"self":[{"href":"https:\/\/asbaratas.com.br\/loja\/wp-json\/wp\/v2\/product\/3153","targetHints":{"allow":["GET"]}}],"collection":[{"href":"https:\/\/asbaratas.com.br\/loja\/wp-json\/wp\/v2\/product"}],"about":[{"href":"https:\/\/asbaratas.com.br\/loja\/wp-json\/wp\/v2\/types\/product"}],"replies":[{"embeddable":true,"href":"https:\/\/asbaratas.com.br\/loja\/wp-json\/wp\/v2\/comments?post=3153"}],"wp:featuredmedia":[{"embeddable":true,"href":"https:\/\/asbaratas.com.br\/loja\/wp-json\/wp\/v2\/media\/95254"}],"wp:attachment":[{"href":"https:\/\/asbaratas.com.br\/loja\/wp-json\/wp\/v2\/media?parent=3153"}],"wp:term":[{"taxonomy":"product_brand","embeddable":true,"href":"https:\/\/asbaratas.com.br\/loja\/wp-json\/wp\/v2\/product_brand?post=3153"},{"taxonomy":"product_cat","embeddable":true,"href":"https:\/\/asbaratas.com.br\/loja\/wp-json\/wp\/v2\/product_cat?post=3153"},{"taxonomy":"product_tag","embeddable":true,"href":"https:\/\/asbaratas.com.br\/loja\/wp-json\/wp\/v2\/product_tag?post=3153"}],"curies":[{"name":"wp","href":"https:\/\/api.w.org\/{rel}","templated":true}]}}