{"id":30167,"date":"2019-03-11T10:17:34","date_gmt":"2019-03-11T13:17:34","guid":{"rendered":"https:\/\/asbaratas.com.br\/loja\/?post_type=product&#038;p=30167"},"modified":"2026-04-17T19:31:29","modified_gmt":"2026-04-17T22:31:29","slug":"choque_literario","status":"publish","type":"product","link":"https:\/\/asbaratas.com.br\/loja\/produto\/choque_literario\/","title":{"rendered":"CHOQUE LITER\u00c1RIO"},"content":{"rendered":"<p>Choque Liter\u00e1rio \u00e9 uma feira organizada por editoras pequenas e m\u00e9dias que formam a iniciativa Coes\u00e3o Independente.<\/p>\n<p>O desenho foi feito pelo visceral Victor Freundt e o design por Marina Avila, da Editora Wish.<\/p>\n<p>A eletricidade dos livros na sua mente!<\/p>\n<p>&nbsp;<\/p>\n<hr \/>\n<p>CAMISETA EM PR\u00c9-VENDA DISPON\u00cdVEL DIA 06\/04\/2019 NO EVENTO<\/p>\n<p>https:\/\/www.facebook.com\/events\/536003990136542\/<\/p>\n<hr \/>\n<p>&nbsp;<\/p>\n<p>\/A taxa de encolhimento \u00e9 em m\u00e9dia 3% variando dos m\u00e9todos de lavagem.<\/p>\n<p>DICAS PARA SUA CAMISETA DURAR MUITO:<br \/>\n\u2022 LAVE COM \u00c1GUA FRIA<br \/>\n\u2022 PASSE ELA DO AVESSO<br \/>\n\u2022 N\u00c3O COLOQUE NA M\u00c1QUINA DE SECAR<br \/>\n\u2022 N\u00c3O DEIXE DE MOLHO<br \/>\n\u2022 SEMPRE SEQUE \u00c0 SOMBRA<\/p>\n<p>As camisetas s\u00e3o despachadas em at\u00e9 3 dias \u00fateis.<\/p>\n","protected":false},"excerpt":{"rendered":"<p>Choque Liter\u00e1rio \u00e9 uma feira organizada por editoras pequenas e m\u00e9dias que formam a iniciativa Coes\u00e3o Independente. O desenho foi feito pelo visceral Victor Freundt e o design por Marina Avila, da Editora Wish. A eletricidade dos livros na sua mente! &nbsp; CAMISETA EM PR\u00c9-VENDA DISPON\u00cdVEL DIA 06\/04\/2019 NO EVENTO https:\/\/www.facebook.com\/events\/536003990136542\/ &nbsp; \/A taxa de [&#8230;]\n","protected":false},"featured_media":30162,"comment_status":"open","ping_status":"closed","template":"","meta":[],"product_brand":[],"product_cat":[83],"product_tag":[182,181,1312,183,1314,1313],"class_list":{"0":"post-30167","1":"product","2":"type-product","3":"status-publish","4":"has-post-thumbnail","6":"product_cat-camiseta-reta","7":"product_tag-camisa","8":"product_tag-camiseta","9":"product_tag-choque","10":"product_tag-estampa","11":"product_tag-evento","12":"product_tag-literario","13":"pa_artista-marina-avila","14":"pa_artista-victor-freundt","15":"pa_cor-preto","16":"pa_tamanho-2g","17":"pa_tamanho-3g","18":"pa_tamanho-4g","19":"pa_tamanho-g","20":"pa_tamanho-m","21":"pa_tamanho-p","22":"pa_tema-Literatura","23":"product_type-variable","42":"first","43":"instock","44":"shipping-taxable","45":"purchasable","46":"product-type-variable"},"_links":{"self":[{"href":"https:\/\/asbaratas.com.br\/loja\/wp-json\/wp\/v2\/product\/30167","targetHints":{"allow":["GET"]}}],"collection":[{"href":"https:\/\/asbaratas.com.br\/loja\/wp-json\/wp\/v2\/product"}],"about":[{"href":"https:\/\/asbaratas.com.br\/loja\/wp-json\/wp\/v2\/types\/product"}],"replies":[{"embeddable":true,"href":"https:\/\/asbaratas.com.br\/loja\/wp-json\/wp\/v2\/comments?post=30167"}],"wp:featuredmedia":[{"embeddable":true,"href":"https:\/\/asbaratas.com.br\/loja\/wp-json\/wp\/v2\/media\/30162"}],"wp:attachment":[{"href":"https:\/\/asbaratas.com.br\/loja\/wp-json\/wp\/v2\/media?parent=30167"}],"wp:term":[{"taxonomy":"product_brand","embeddable":true,"href":"https:\/\/asbaratas.com.br\/loja\/wp-json\/wp\/v2\/product_brand?post=30167"},{"taxonomy":"product_cat","embeddable":true,"href":"https:\/\/asbaratas.com.br\/loja\/wp-json\/wp\/v2\/product_cat?post=30167"},{"taxonomy":"product_tag","embeddable":true,"href":"https:\/\/asbaratas.com.br\/loja\/wp-json\/wp\/v2\/product_tag?post=30167"}],"curies":[{"name":"wp","href":"https:\/\/api.w.org\/{rel}","templated":true}]}}

CHOQUE LITERÁRIO

<p>Choque Literário é uma feira organizada por editoras pequenas e médias que formam a iniciativa Coesão Independente.</p>
<p>O desenho foi feito pelo visceral Victor Freundt e o design por Marina Avila, da Editora Wish.</p>
<p>A eletricidade dos livros na sua mente!</p>
<p>&nbsp;</p>
<hr />
<p>CAMISETA EM PRÉ-VENDA DISPONÍVEL DIA 06/04/2019 NO EVENTO</p>
<p>https://www.facebook.com/events/536003990136542/</p>
<hr />
<p>&nbsp;</p>
<p>/A taxa de encolhimento é em média 3% variando dos métodos de lavagem.</p>
<p>DICAS PARA SUA CAMISETA DURAR MUITO:<br />
• LAVE COM ÁGUA FRIA<br />
• PASSE ELA DO AVESSO<br />
• NÃO COLOQUE NA MÁQUINA DE SECAR<br />
• NÃO DEIXE DE MOLHO<br />
• SEMPRE SEQUE À SOMBRA</p>
<p>As camisetas são despachadas em até 3 dias úteis.</p>

<p>Choque Literário é uma feira organizada por editoras pequenas e médias que formam a iniciativa Coesão Independente. O desenho foi feito pelo visceral Victor Freundt e o design por Marina Avila, da Editora Wish. A eletricidade dos livros na sua mente! &nbsp; CAMISETA EM PRÉ-VENDA DISPONÍVEL DIA 06/04/2019 NO EVENTO https://www.facebook.com/events/536003990136542/ &nbsp; /A taxa de [&#8230;]
