{"id":28626,"date":"2019-01-04T15:22:19","date_gmt":"2019-01-04T17:22:19","guid":{"rendered":"https:\/\/asbaratas.com.br\/loja\/?post_type=product&#038;p=28626"},"modified":"2025-12-10T19:41:33","modified_gmt":"2025-12-10T22:41:33","slug":"monstra","status":"publish","type":"product","link":"https:\/\/asbaratas.com.br\/loja\/produto\/monstra\/","title":{"rendered":"MONSTRA"},"content":{"rendered":"<p>Camiseta oficial da loja MONSTRA!<\/p>\n<p>Malha em 50% algod\u00e3o 50% poli\u00e9ster na cor mescla claro com estampa em silk de alta qualidade.<\/p>\n<p>A taxa de encolhimento \u00e9 em m\u00e9dia 3% variando dos m\u00e9todos de lavagem.<\/p>\n<p>DICAS PARA SUA CAMISETA DURAR MUITO:<br \/>\n\u2022 LAVE COM \u00c1GUA FRIA<br \/>\n\u2022 PASSE ELA DO AVESSO<br \/>\n\u2022 N\u00c3O COLOQUE NA M\u00c1QUINA DE SECAR<br \/>\n\u2022 N\u00c3O DEIXE DE MOLHO<br \/>\n\u2022 SEMPRE SEQUE \u00c0 SOMBRA<\/p>\n<p>As camisetas s\u00e3o despachadas em at\u00e9 3 dias \u00fateis.<\/p>\n","protected":false},"excerpt":{"rendered":"<p>Camiseta oficial da loja MONSTRA! Malha em 50% algod\u00e3o 50% poli\u00e9ster na cor mescla claro com estampa em silk de alta qualidade. A taxa de encolhimento \u00e9 em m\u00e9dia 3% variando dos m\u00e9todos de lavagem. DICAS PARA SUA CAMISETA DURAR MUITO: \u2022 LAVE COM \u00c1GUA FRIA \u2022 PASSE ELA DO AVESSO \u2022 N\u00c3O COLOQUE NA [&#8230;]\n","protected":false},"featured_media":28705,"comment_status":"open","ping_status":"closed","template":"","meta":[],"product_brand":[],"product_cat":[83],"product_tag":[1090,1308,1305,1306,193,1307,536],"class_list":{"0":"post-28626","1":"product","2":"type-product","3":"status-publish","4":"has-post-thumbnail","6":"product_cat-camiseta-reta","7":"product_tag-doidera","8":"product_tag-fi","9":"product_tag-loja","10":"product_tag-monstra","11":"product_tag-quadrinhos","12":"product_tag-sci","13":"product_tag-terror","14":"pa_artista-bensonchin","15":"pa_cor-creme","16":"pa_tamanho-2g","17":"pa_tamanho-3g","18":"pa_tamanho-4g","19":"pa_tamanho-5g","20":"pa_tamanho-g","21":"pa_tamanho-m","22":"pa_tamanho-p","23":"pa_tamanho-pp","24":"pa_tema-oficial","25":"product_type-variable","26":"product_visibility-outofstock","47":"first","48":"outofstock","49":"shipping-taxable","50":"purchasable","51":"product-type-variable","52":"has-default-attributes"},"_links":{"self":[{"href":"https:\/\/asbaratas.com.br\/loja\/wp-json\/wp\/v2\/product\/28626","targetHints":{"allow":["GET"]}}],"collection":[{"href":"https:\/\/asbaratas.com.br\/loja\/wp-json\/wp\/v2\/product"}],"about":[{"href":"https:\/\/asbaratas.com.br\/loja\/wp-json\/wp\/v2\/types\/product"}],"replies":[{"embeddable":true,"href":"https:\/\/asbaratas.com.br\/loja\/wp-json\/wp\/v2\/comments?post=28626"}],"wp:featuredmedia":[{"embeddable":true,"href":"https:\/\/asbaratas.com.br\/loja\/wp-json\/wp\/v2\/media\/28705"}],"wp:attachment":[{"href":"https:\/\/asbaratas.com.br\/loja\/wp-json\/wp\/v2\/media?parent=28626"}],"wp:term":[{"taxonomy":"product_brand","embeddable":true,"href":"https:\/\/asbaratas.com.br\/loja\/wp-json\/wp\/v2\/product_brand?post=28626"},{"taxonomy":"product_cat","embeddable":true,"href":"https:\/\/asbaratas.com.br\/loja\/wp-json\/wp\/v2\/product_cat?post=28626"},{"taxonomy":"product_tag","embeddable":true,"href":"https:\/\/asbaratas.com.br\/loja\/wp-json\/wp\/v2\/product_tag?post=28626"}],"curies":[{"name":"wp","href":"https:\/\/api.w.org\/{rel}","templated":true}]}}