{"id":28612,"date":"2019-01-04T15:20:14","date_gmt":"2019-01-04T17:20:14","guid":{"rendered":"https:\/\/asbaratas.com.br\/loja\/?post_type=product&#038;p=28612"},"modified":"2026-04-17T19:32:17","modified_gmt":"2026-04-17T22:32:17","slug":"today","status":"publish","type":"product","link":"https:\/\/asbaratas.com.br\/loja\/produto\/today\/","title":{"rendered":"NOT TODAY"},"content":{"rendered":"<p>HOJE N\u00c3O CAPET\u00c3O!<\/p>\n<p>Malha em 100% algod\u00e3o na cor vermelha com estampa em silk de alta qualidade.<\/p>\n<p>A taxa de encolhimento \u00e9 em m\u00e9dia 3% variando dos m\u00e9todos de lavagem.<\/p>\n<p>DICAS PARA SUA CAMISETA DURAR MUITO:<br \/>\n\u2022 LAVE COM \u00c1GUA FRIA<br \/>\n\u2022 PASSE ELA DO AVESSO<br \/>\n\u2022 N\u00c3O COLOQUE NA M\u00c1QUINA DE SECAR<br \/>\n\u2022 N\u00c3O DEIXE DE MOLHO<br \/>\n\u2022 SEMPRE SEQUE \u00c0 SOMBRA<\/p>\n<p>Arte por Juscelino Neco<\/p>\n<p>As camisetas s\u00e3o despachadas em at\u00e9 3 dias \u00fateis.<\/p>\n","protected":false},"excerpt":{"rendered":"<p>HOJE N\u00c3O CAPET\u00c3O! Malha em 100% algod\u00e3o na cor vermelha com estampa em silk de alta qualidade. A taxa de encolhimento \u00e9 em m\u00e9dia 3% variando dos m\u00e9todos de lavagem. DICAS PARA SUA CAMISETA DURAR MUITO: \u2022 LAVE COM \u00c1GUA FRIA \u2022 PASSE ELA DO AVESSO \u2022 N\u00c3O COLOQUE NA M\u00c1QUINA DE SECAR \u2022 N\u00c3O [&#8230;]\n","protected":false},"featured_media":28703,"comment_status":"open","ping_status":"closed","template":"","meta":[],"product_brand":[],"product_cat":[83],"product_tag":[1294,182,181,1289,1065,1295,1286,1293,1296,1066,1292,1291,1288,1287,1290],"class_list":{"0":"post-28612","1":"product","2":"type-product","3":"status-publish","4":"has-post-thumbnail","6":"product_cat-camiseta-reta","7":"product_tag-bianca","8":"product_tag-camisa","9":"product_tag-camiseta","10":"product_tag-capeta","11":"product_tag-del","12":"product_tag-drag","13":"product_tag-not","14":"product_tag-paul","15":"product_tag-race","16":"product_tag-rio","17":"product_tag-ru","18":"product_tag-rupaul","19":"product_tag-satan","20":"product_tag-today","21":"product_tag-vermelho","22":"pa_artista-neco","23":"pa_cor-vermelho","24":"pa_tamanho-2g","25":"pa_tamanho-3g","26":"pa_tamanho-4g","27":"pa_tamanho-5g","28":"pa_tamanho-g","29":"pa_tamanho-m","30":"pa_tamanho-p","31":"pa_tema-DesenhoAnimado","32":"pa_tema-Mashup","33":"pa_tema-Parodia","34":"pa_tema-Televisao","35":"product_type-variable","61":"pa_tema-Desenho Animado","66":"first","67":"instock","68":"shipping-taxable","69":"purchasable","70":"product-type-variable"},"_links":{"self":[{"href":"https:\/\/asbaratas.com.br\/loja\/wp-json\/wp\/v2\/product\/28612","targetHints":{"allow":["GET"]}}],"collection":[{"href":"https:\/\/asbaratas.com.br\/loja\/wp-json\/wp\/v2\/product"}],"about":[{"href":"https:\/\/asbaratas.com.br\/loja\/wp-json\/wp\/v2\/types\/product"}],"replies":[{"embeddable":true,"href":"https:\/\/asbaratas.com.br\/loja\/wp-json\/wp\/v2\/comments?post=28612"}],"wp:featuredmedia":[{"embeddable":true,"href":"https:\/\/asbaratas.com.br\/loja\/wp-json\/wp\/v2\/media\/28703"}],"wp:attachment":[{"href":"https:\/\/asbaratas.com.br\/loja\/wp-json\/wp\/v2\/media?parent=28612"}],"wp:term":[{"taxonomy":"product_brand","embeddable":true,"href":"https:\/\/asbaratas.com.br\/loja\/wp-json\/wp\/v2\/product_brand?post=28612"},{"taxonomy":"product_cat","embeddable":true,"href":"https:\/\/asbaratas.com.br\/loja\/wp-json\/wp\/v2\/product_cat?post=28612"},{"taxonomy":"product_tag","embeddable":true,"href":"https:\/\/asbaratas.com.br\/loja\/wp-json\/wp\/v2\/product_tag?post=28612"}],"curies":[{"name":"wp","href":"https:\/\/api.w.org\/{rel}","templated":true}]}}