{"id":2764,"date":"2017-03-15T01:14:40","date_gmt":"2017-03-15T04:14:40","guid":{"rendered":"http:\/\/DISOBEY_MASC"},"modified":"2026-04-17T19:31:36","modified_gmt":"2026-04-17T22:31:36","slug":"disobey","status":"publish","type":"product","link":"https:\/\/asbaratas.com.br\/loja\/produto\/disobey\/","title":{"rendered":"DisOBEY"},"content":{"rendered":"<p>Inspirada em &#8220;V de Vingan\u00e7a&#8221;, de Alan Moore, essa \u00e9 a camiseta pra quem n\u00e3o quer seguir ordens!<\/p>\n<p>Malha em 100% algod\u00e3o na cor preta com estampa em silk de alta qualidade.<\/p>\n<p>A taxa de encolhimento \u00e9 em m\u00e9dia 3% variando dos m\u00e9todos de lavagem.<\/p>\n<p>DICAS PARA SUA CAMISETA DURAR MUITO:<br \/>\n\u2022 LAVE COM \u00c1GUA FRIA<br \/>\n\u2022 PASSE ELA DO AVESSO<br \/>\n\u2022 N\u00c3O COLOQUE NA M\u00c1QUINA DE SECAR<br \/>\n\u2022 N\u00c3O DEIXE DE MOLHO<br \/>\n\u2022 SEMPRE SEQUE \u00c0 SOMBRA<\/p>\n<p>Arte por Shinkoheo<\/p>\n<p>As camisetas s\u00e3o despachadas em at\u00e9 3 dias \u00fateis.<\/p>\n","protected":false},"excerpt":{"rendered":"<p>Inspirada em &#8220;V de Vingan\u00e7a&#8221;, de Alan Moore, essa \u00e9 a camiseta pra quem n\u00e3o quer seguir ordens! Malha em 100% algod\u00e3o na cor preta com estampa em silk de alta qualidade. A taxa de encolhimento \u00e9 em m\u00e9dia 3% variando dos m\u00e9todos de lavagem. DICAS PARA SUA CAMISETA DURAR MUITO: \u2022 LAVE COM \u00c1GUA [&#8230;]\n","protected":false},"featured_media":2765,"comment_status":"open","ping_status":"closed","template":"","meta":[],"product_brand":[],"product_cat":[83],"product_tag":[231,229,232,230,1240,182,181,183,515,514,513,184,233,1242,328,236,235,237],"class_list":{"0":"post-2764","1":"product","2":"type-product","3":"status-publish","4":"has-post-thumbnail","6":"product_cat-camiseta-reta","7":"product_tag-alan","8":"product_tag-alan-moore","9":"product_tag-allan","10":"product_tag-allan-moore","11":"product_tag-antifa","12":"product_tag-camisa","13":"product_tag-camiseta","14":"product_tag-estampa","15":"product_tag-fawkes","16":"product_tag-guy","17":"product_tag-guy-fawkes","18":"product_tag-ilustracao","19":"product_tag-moore","20":"product_tag-politic","21":"product_tag-shinkoheo","22":"product_tag-v","23":"product_tag-v-de-vinganca","24":"product_tag-vinganca","25":"pa_artista-barata","26":"pa_cor-preto","27":"pa_tamanho-2g","28":"pa_tamanho-3g","29":"pa_tamanho-4g","30":"pa_tamanho-5g","31":"pa_tamanho-g","32":"pa_tamanho-m","33":"pa_tamanho-p","34":"pa_tamanho-pp","35":"pa_tema-Cinema","36":"pa_tema-HQ","37":"product_type-variable","70":"first","71":"instock","72":"shipping-taxable","73":"purchasable","74":"product-type-variable","75":"has-default-attributes"},"_links":{"self":[{"href":"https:\/\/asbaratas.com.br\/loja\/wp-json\/wp\/v2\/product\/2764","targetHints":{"allow":["GET"]}}],"collection":[{"href":"https:\/\/asbaratas.com.br\/loja\/wp-json\/wp\/v2\/product"}],"about":[{"href":"https:\/\/asbaratas.com.br\/loja\/wp-json\/wp\/v2\/types\/product"}],"replies":[{"embeddable":true,"href":"https:\/\/asbaratas.com.br\/loja\/wp-json\/wp\/v2\/comments?post=2764"}],"wp:featuredmedia":[{"embeddable":true,"href":"https:\/\/asbaratas.com.br\/loja\/wp-json\/wp\/v2\/media\/2765"}],"wp:attachment":[{"href":"https:\/\/asbaratas.com.br\/loja\/wp-json\/wp\/v2\/media?parent=2764"}],"wp:term":[{"taxonomy":"product_brand","embeddable":true,"href":"https:\/\/asbaratas.com.br\/loja\/wp-json\/wp\/v2\/product_brand?post=2764"},{"taxonomy":"product_cat","embeddable":true,"href":"https:\/\/asbaratas.com.br\/loja\/wp-json\/wp\/v2\/product_cat?post=2764"},{"taxonomy":"product_tag","embeddable":true,"href":"https:\/\/asbaratas.com.br\/loja\/wp-json\/wp\/v2\/product_tag?post=2764"}],"curies":[{"name":"wp","href":"https:\/\/api.w.org\/{rel}","templated":true}]}}