{"id":2400,"date":"2017-03-15T01:11:10","date_gmt":"2017-03-15T04:11:10","guid":{"rendered":"http:\/\/BATIMA_MASC"},"modified":"2026-04-17T19:31:21","modified_gmt":"2026-04-17T22:31:21","slug":"batima","status":"publish","type":"product","link":"https:\/\/asbaratas.com.br\/loja\/produto\/batima\/","title":{"rendered":"B\u00c1TIMA!"},"content":{"rendered":"<p>&#8220;Puta kiiiiii pariu, B\u00e1tima!&#8221; A frase que marcou a primeira redublagem brasileira ganhou uma camiseta que tamb\u00e9m \u00e9 uma homenagem ao Adam West e Burt Ward. Vil\u00e3o especialmente convidado, Cesar Romero!<\/p>\n<p>Malha em 100% algod\u00e3o na cor cinza prata com estampa em silk de alta qualidade.<\/p>\n<p>A taxa de encolhimento \u00e9 em m\u00e9dia 3% variando dos m\u00e9todos de lavagem.<\/p>\n<p>DICAS PARA SUA CAMISETA DURAR MUITO:<br \/>\n\u2022 LAVE COM \u00c1GUA FRIA<br \/>\n\u2022 PASSE ELA DO AVESSO<br \/>\n\u2022 N\u00c3O COLOQUE NA M\u00c1QUINA DE SECAR<br \/>\n\u2022 N\u00c3O DEIXE DE MOLHO<br \/>\n\u2022 SEMPRE SEQUE \u00c0 SOMBRA<\/p>\n<p>Arte por Flavio Luiz<\/p>\n<p>As camisetas s\u00e3o despachadas em at\u00e9 3 dias \u00fateis.<\/p>\n","protected":false},"excerpt":{"rendered":"<p>&#8220;Puta kiiiiii pariu, B\u00e1tima!&#8221; A frase que marcou a primeira redublagem brasileira ganhou uma camiseta que tamb\u00e9m \u00e9 uma homenagem ao Adam West e Burt Ward. Vil\u00e3o especialmente convidado, Cesar Romero! Malha em 100% algod\u00e3o na cor cinza prata com estampa em silk de alta qualidade. A taxa de encolhimento \u00e9 em m\u00e9dia 3% variando [&#8230;]\n","protected":false},"featured_media":2401,"comment_status":"open","ping_status":"closed","template":"","meta":[],"product_brand":[],"product_cat":[83],"product_tag":[301,335,182,181,315,336,213,194,183,212,330,332,329,191,334,321,190,184,333,331,322,193,192,302,337],"class_list":{"0":"post-2400","1":"product","2":"type-product","3":"status-publish","4":"has-post-thumbnail","6":"product_cat-camiseta-reta","7":"product_tag-batman","8":"product_tag-batman-e-robin","9":"product_tag-camisa","10":"product_tag-camiseta","11":"product_tag-cavaleiro","12":"product_tag-cavaleiro-das-trevas","13":"product_tag-cinema","14":"product_tag-comics","15":"product_tag-estampa","16":"product_tag-filme","17":"product_tag-flavio","18":"product_tag-flavio-luis","19":"product_tag-flavio-luiz","20":"product_tag-historia-em-quadrinhos","21":"product_tag-homem","22":"product_tag-homem-morcego","23":"product_tag-hq","24":"product_tag-ilustracao","25":"product_tag-luis","26":"product_tag-luiz","27":"product_tag-morcego","28":"product_tag-quadrinhos","29":"product_tag-revista","30":"product_tag-robin","31":"product_tag-tre","32":"pa_artista-flavioluiz","33":"pa_cor-cinza","34":"pa_tamanho-2g","35":"pa_tamanho-3g","36":"pa_tamanho-4g","37":"pa_tamanho-g","38":"pa_tamanho-m","39":"pa_tamanho-p","40":"pa_tema-Cinema","41":"pa_tema-HQ","42":"pa_tema-Humor","43":"pa_tema-series","44":"product_type-variable","45":"product_visibility-outofstock","85":"first","86":"outofstock","87":"shipping-taxable","88":"purchasable","89":"product-type-variable"},"_links":{"self":[{"href":"https:\/\/asbaratas.com.br\/loja\/wp-json\/wp\/v2\/product\/2400","targetHints":{"allow":["GET"]}}],"collection":[{"href":"https:\/\/asbaratas.com.br\/loja\/wp-json\/wp\/v2\/product"}],"about":[{"href":"https:\/\/asbaratas.com.br\/loja\/wp-json\/wp\/v2\/types\/product"}],"replies":[{"embeddable":true,"href":"https:\/\/asbaratas.com.br\/loja\/wp-json\/wp\/v2\/comments?post=2400"}],"wp:featuredmedia":[{"embeddable":true,"href":"https:\/\/asbaratas.com.br\/loja\/wp-json\/wp\/v2\/media\/2401"}],"wp:attachment":[{"href":"https:\/\/asbaratas.com.br\/loja\/wp-json\/wp\/v2\/media?parent=2400"}],"wp:term":[{"taxonomy":"product_brand","embeddable":true,"href":"https:\/\/asbaratas.com.br\/loja\/wp-json\/wp\/v2\/product_brand?post=2400"},{"taxonomy":"product_cat","embeddable":true,"href":"https:\/\/asbaratas.com.br\/loja\/wp-json\/wp\/v2\/product_cat?post=2400"},{"taxonomy":"product_tag","embeddable":true,"href":"https:\/\/asbaratas.com.br\/loja\/wp-json\/wp\/v2\/product_tag?post=2400"}],"curies":[{"name":"wp","href":"https:\/\/api.w.org\/{rel}","templated":true}]}}