{"id":2224,"date":"2017-03-15T01:09:36","date_gmt":"2017-03-15T04:09:36","guid":{"rendered":"http:\/\/ADAMANTIUM_M"},"modified":"2026-03-11T11:23:23","modified_gmt":"2026-03-11T14:23:23","slug":"adamantium_reta","status":"publish","type":"product","link":"https:\/\/asbaratas.com.br\/loja\/produto\/adamantium_reta\/","title":{"rendered":"ADAMANTIUM"},"content":{"rendered":"<p>O personagem que tem metal no corpo s\u00f3 poderia ser\u00a0metaleiro!<\/p>\n<p>Malha em 100% algod\u00e3o na cor preta com estampa em silk de alta qualidade.<\/p>\n<p>A taxa de encolhimento \u00e9 em m\u00e9dia 3% variando dos m\u00e9todos de lavagem.<\/p>\n<p>DICAS PARA SUA CAMISETA DURAR MUITO:<br \/>\n\u2022 LAVE COM \u00c1GUA FRIA<br \/>\n\u2022 PASSE ELA DO AVESSO<br \/>\n\u2022 N\u00c3O COLOQUE NA M\u00c1QUINA DE SECAR<br \/>\n\u2022 N\u00c3O DEIXE DE MOLHO<br \/>\n\u2022 SEMPRE SEQUE \u00c0 SOMBRA<\/p>\n<p>Arte por\u00a0Rafa Louzada. Conhe\u00e7a seu trabalho em <a href=\"http:\/\/kawek.com.br\/rafalouzada\" target=\"_blank\" rel=\"noopener noreferrer\">http:\/\/kawek.com.br\/rafalouzada<\/a>\u00a0e\u00a0<a href=\"http:\/\/rafalouzada.blogspot.com.br\" target=\"_blank\" rel=\"noopener noreferrer\">http:\/\/rafalouzada.blogspot.com.br<\/a><\/p>\n<p>As camisetas s\u00e3o despachadas em at\u00e9 3 dias \u00fateis.<\/p>\n","protected":false},"excerpt":{"rendered":"<p>O personagem que tem metal no corpo s\u00f3 poderia ser\u00a0metaleiro! Malha em 100% algod\u00e3o na cor preta com estampa em silk de alta qualidade. A taxa de encolhimento \u00e9 em m\u00e9dia 3% variando dos m\u00e9todos de lavagem. DICAS PARA SUA CAMISETA DURAR MUITO: \u2022 LAVE COM \u00c1GUA FRIA \u2022 PASSE ELA DO AVESSO \u2022 N\u00c3O [&#8230;]\n","protected":false},"featured_media":2225,"comment_status":"open","ping_status":"closed","template":"","meta":[],"product_brand":[],"product_cat":[83],"product_tag":[204,182,181,194,183,195,191,190,206,184,203,202,197,188,189,200,201,198,205,193,187,185,186,192,199,196],"class_list":{"0":"post-2224","1":"product","2":"type-product","3":"status-publish","4":"has-post-thumbnail","6":"product_cat-camiseta-reta","7":"product_tag-all","8":"product_tag-camisa","9":"product_tag-camiseta","10":"product_tag-comics","11":"product_tag-estampa","12":"product_tag-gibi","13":"product_tag-historia-em-quadrinhos","14":"product_tag-hq","15":"product_tag-hu","16":"product_tag-ilustracao","17":"product_tag-kill","18":"product_tag-kill-em-all","19":"product_tag-logan","20":"product_tag-lousada","21":"product_tag-louzada","22":"product_tag-metal","23":"product_tag-metallica","24":"product_tag-musica","25":"product_tag-parodia","26":"product_tag-quadrinhos","27":"product_tag-rafa","28":"product_tag-rafa-louzada","29":"product_tag-rafael-louzada","30":"product_tag-revista","31":"product_tag-rock","32":"product_tag-wolverine","33":"pa_artista-rafa","34":"pa_cor-preto","35":"pa_tamanho-2g","36":"pa_tamanho-3g","37":"pa_tamanho-4g","38":"pa_tamanho-5g","39":"pa_tamanho-g","40":"pa_tamanho-m","41":"pa_tamanho-p","42":"pa_tamanho-pp","43":"pa_tema-Cinema","44":"pa_tema-DesenhoAnimado","45":"pa_tema-HQ","46":"pa_tema-Mashup","47":"product_type-variable","86":"pa_tema-Desenho Animado","90":"first","91":"instock","92":"shipping-taxable","93":"purchasable","94":"product-type-variable"},"_links":{"self":[{"href":"https:\/\/asbaratas.com.br\/loja\/wp-json\/wp\/v2\/product\/2224","targetHints":{"allow":["GET"]}}],"collection":[{"href":"https:\/\/asbaratas.com.br\/loja\/wp-json\/wp\/v2\/product"}],"about":[{"href":"https:\/\/asbaratas.com.br\/loja\/wp-json\/wp\/v2\/types\/product"}],"replies":[{"embeddable":true,"href":"https:\/\/asbaratas.com.br\/loja\/wp-json\/wp\/v2\/comments?post=2224"}],"wp:featuredmedia":[{"embeddable":true,"href":"https:\/\/asbaratas.com.br\/loja\/wp-json\/wp\/v2\/media\/2225"}],"wp:attachment":[{"href":"https:\/\/asbaratas.com.br\/loja\/wp-json\/wp\/v2\/media?parent=2224"}],"wp:term":[{"taxonomy":"product_brand","embeddable":true,"href":"https:\/\/asbaratas.com.br\/loja\/wp-json\/wp\/v2\/product_brand?post=2224"},{"taxonomy":"product_cat","embeddable":true,"href":"https:\/\/asbaratas.com.br\/loja\/wp-json\/wp\/v2\/product_cat?post=2224"},{"taxonomy":"product_tag","embeddable":true,"href":"https:\/\/asbaratas.com.br\/loja\/wp-json\/wp\/v2\/product_tag?post=2224"}],"curies":[{"name":"wp","href":"https:\/\/api.w.org\/{rel}","templated":true}]}}