{"id":20385,"date":"2018-07-27T01:50:55","date_gmt":"2018-07-27T04:50:55","guid":{"rendered":"https:\/\/asbaratas.com.br\/loja\/?post_type=product&#038;p=20385"},"modified":"2026-04-17T19:31:29","modified_gmt":"2026-04-17T22:31:29","slug":"confins-universo","status":"publish","type":"product","link":"https:\/\/asbaratas.com.br\/loja\/produto\/confins-universo\/","title":{"rendered":"CONFINS DO UNIVERSO"},"content":{"rendered":"<p>A tripula\u00e7\u00e3o do podcast Confins do Universo tem sua camiseta oficial aqui!<\/p>\n<p>Malha em 100% algod\u00e3o na cor preto com estampa em silk em cromia de alta qualidade.<\/p>\n<p>A taxa de encolhimento \u00e9 em m\u00e9dia 3% variando dos m\u00e9todos de lavagem.<\/p>\n<p>DICAS PARA SUA CAMISETA DURAR MUITO:<br \/>\n\u2022 LAVE COM \u00c1GUA FRIA<br \/>\n\u2022 PASSE ELA DO AVESSO<br \/>\n\u2022 N\u00c3O COLOQUE NA M\u00c1QUINA DE SECAR<br \/>\n\u2022 N\u00c3O DEIXE DE MOLHO<br \/>\n\u2022 SEMPRE SEQUE \u00c0 SOMBRA<\/p>\n<p>Arte por Daniel Brand\u00e3o<\/p>\n<p>As camisetas s\u00e3o despachadas em at\u00e9 3 dias \u00fateis.<\/p>\n","protected":false},"excerpt":{"rendered":"<p>A tripula\u00e7\u00e3o do podcast Confins do Universo tem sua camiseta oficial aqui! Malha em 100% algod\u00e3o na cor preto com estampa em silk em cromia de alta qualidade. A taxa de encolhimento \u00e9 em m\u00e9dia 3% variando dos m\u00e9todos de lavagem. DICAS PARA SUA CAMISETA DURAR MUITO: \u2022 LAVE COM \u00c1GUA FRIA \u2022 PASSE ELA [&#8230;]\n","protected":false},"featured_media":20410,"comment_status":"open","ping_status":"closed","template":"","meta":[],"product_brand":[],"product_cat":[83],"product_tag":[182,181,194,1182,183,195,683,1185,191,190,184,692,688,193,228,1183,1184,1181],"class_list":{"0":"post-20385","1":"product","2":"type-product","3":"status-publish","4":"has-post-thumbnail","6":"product_cat-camiseta-reta","7":"product_tag-camisa","8":"product_tag-camiseta","9":"product_tag-comics","10":"product_tag-confins","11":"product_tag-estampa","12":"product_tag-gibi","13":"product_tag-grupo","14":"product_tag-gusman","15":"product_tag-historia-em-quadrinhos","16":"product_tag-hq","17":"product_tag-ilustracao","18":"product_tag-malandrox","19":"product_tag-nerd","20":"product_tag-quadrinhos","21":"product_tag-revista-em-quadrinhos","22":"product_tag-samir","23":"product_tag-sidney","24":"product_tag-universo","25":"pa_artista-daniel-brandao","26":"pa_cor-preto","27":"pa_tamanho-2g","28":"pa_tamanho-3g","29":"pa_tamanho-4g","30":"pa_tamanho-g","31":"pa_tamanho-m","32":"pa_tamanho-p","33":"pa_tema-HQ","34":"pa_tema-oficial","35":"pa_tema-Podcast","36":"product_type-variable","37":"product_visibility-outofstock","69":"first","70":"outofstock","71":"shipping-taxable","72":"purchasable","73":"product-type-variable"},"_links":{"self":[{"href":"https:\/\/asbaratas.com.br\/loja\/wp-json\/wp\/v2\/product\/20385","targetHints":{"allow":["GET"]}}],"collection":[{"href":"https:\/\/asbaratas.com.br\/loja\/wp-json\/wp\/v2\/product"}],"about":[{"href":"https:\/\/asbaratas.com.br\/loja\/wp-json\/wp\/v2\/types\/product"}],"replies":[{"embeddable":true,"href":"https:\/\/asbaratas.com.br\/loja\/wp-json\/wp\/v2\/comments?post=20385"}],"wp:featuredmedia":[{"embeddable":true,"href":"https:\/\/asbaratas.com.br\/loja\/wp-json\/wp\/v2\/media\/20410"}],"wp:attachment":[{"href":"https:\/\/asbaratas.com.br\/loja\/wp-json\/wp\/v2\/media?parent=20385"}],"wp:term":[{"taxonomy":"product_brand","embeddable":true,"href":"https:\/\/asbaratas.com.br\/loja\/wp-json\/wp\/v2\/product_brand?post=20385"},{"taxonomy":"product_cat","embeddable":true,"href":"https:\/\/asbaratas.com.br\/loja\/wp-json\/wp\/v2\/product_cat?post=20385"},{"taxonomy":"product_tag","embeddable":true,"href":"https:\/\/asbaratas.com.br\/loja\/wp-json\/wp\/v2\/product_tag?post=20385"}],"curies":[{"name":"wp","href":"https:\/\/api.w.org\/{rel}","templated":true}]}}

<p>A tripulação do podcast Confins do Universo tem sua camiseta oficial aqui!</p>
<p>Malha em 100% algodão na cor preto com estampa em silk em cromia de alta qualidade.</p>
<p>A taxa de encolhimento é em média 3% variando dos métodos de lavagem.</p>
<p>DICAS PARA SUA CAMISETA DURAR MUITO:<br />
• LAVE COM ÁGUA FRIA<br />
• PASSE ELA DO AVESSO<br />
• NÃO COLOQUE NA MÁQUINA DE SECAR<br />
• NÃO DEIXE DE MOLHO<br />
• SEMPRE SEQUE À SOMBRA</p>
<p>Arte por Daniel Brandão</p>
<p>As camisetas são despachadas em até 3 dias úteis.</p>

<p>A tripulação do podcast Confins do Universo tem sua camiseta oficial aqui! Malha em 100% algodão na cor preto com estampa em silk em cromia de alta qualidade. A taxa de encolhimento é em média 3% variando dos métodos de lavagem. DICAS PARA SUA CAMISETA DURAR MUITO: • LAVE COM ÁGUA FRIA • PASSE ELA [&#8230;]
