{"id":12502,"date":"2017-12-25T19:36:58","date_gmt":"2017-12-25T21:36:58","guid":{"rendered":"https:\/\/asbaratas.com.br\/loja\/?post_type=product&#038;p=12502"},"modified":"2026-04-17T19:32:39","modified_gmt":"2026-04-17T22:32:39","slug":"surf_bird","status":"publish","type":"product","link":"https:\/\/asbaratas.com.br\/loja\/produto\/surf_bird\/","title":{"rendered":"SURFING BIRD"},"content":{"rendered":"<p>Essa \u00e9 para curtir o ver\u00e3o no ritmo punk de garagem!<\/p>\n<p>Camiseta feita com nossa malha ver\u00e3o na cor azul e estampa com silk de alta qualidade.<\/p>\n<p>A taxa de encolhimento \u00e9 em m\u00e9dia 3% variando dos m\u00e9todos de lavagem.<\/p>\n<p>DICAS PARA SUA CAMISETA DURAR MUITO:<br \/>\n\u2022 LAVE COM \u00c1GUA FRIA<br \/>\n\u2022 PASSE ELA DO AVESSO<br \/>\n\u2022 N\u00c3O COLOQUE NA M\u00c1QUINA DE SECAR<br \/>\n\u2022 N\u00c3O DEIXE DE MOLHO<br \/>\n\u2022 SEMPRE SEQUE \u00c0 SOMBRA<\/p>\n<p>Arte por Bruno Honda<\/p>\n<p>As camisetas s\u00e3o despachadas em at\u00e9 3 dias \u00fateis.<\/p>\n","protected":false},"excerpt":{"rendered":"<p>Essa \u00e9 para curtir o ver\u00e3o no ritmo punk de garagem! Camiseta feita com nossa malha ver\u00e3o na cor azul e estampa com silk de alta qualidade. A taxa de encolhimento \u00e9 em m\u00e9dia 3% variando dos m\u00e9todos de lavagem. DICAS PARA SUA CAMISETA DURAR MUITO: \u2022 LAVE COM \u00c1GUA FRIA \u2022 PASSE ELA DO [&#8230;]\n","protected":false},"featured_media":12404,"comment_status":"open","ping_status":"closed","template":"","meta":[],"product_brand":[],"product_cat":[83],"product_tag":[1050,182,181,183,394,398,388,1053,1052,1048,1047,393,436,1046,437,199,1049,1051,1045],"class_list":{"0":"post-12502","1":"product","2":"type-product","3":"status-publish","4":"has-post-thumbnail","6":"product_cat-camiseta-reta","7":"product_tag-bird","8":"product_tag-camisa","9":"product_tag-camiseta","10":"product_tag-estampa","11":"product_tag-ferias","12":"product_tag-lenda","13":"product_tag-neco","14":"product_tag-passarinho","15":"product_tag-passaro","16":"product_tag-pau","17":"product_tag-pica","18":"product_tag-praia","19":"product_tag-punk","20":"product_tag-punkrock","21":"product_tag-ramones","22":"product_tag-rock","23":"product_tag-surf","24":"product_tag-surfing","25":"product_tag-trashman","26":"pa_artista-bruno-honda-leite","27":"pa_cor-azul","28":"pa_tamanho-2g","29":"pa_tamanho-3g","30":"pa_tamanho-4g","31":"pa_tamanho-g","32":"pa_tamanho-m","33":"pa_tamanho-p","34":"pa_tema-Mashup","35":"pa_tema-Musica","36":"pa_tema-Parodia","37":"product_type-variable","38":"product_visibility-outofstock","71":"first","72":"outofstock","73":"shipping-taxable","74":"purchasable","75":"product-type-variable"},"_links":{"self":[{"href":"https:\/\/asbaratas.com.br\/loja\/wp-json\/wp\/v2\/product\/12502","targetHints":{"allow":["GET"]}}],"collection":[{"href":"https:\/\/asbaratas.com.br\/loja\/wp-json\/wp\/v2\/product"}],"about":[{"href":"https:\/\/asbaratas.com.br\/loja\/wp-json\/wp\/v2\/types\/product"}],"replies":[{"embeddable":true,"href":"https:\/\/asbaratas.com.br\/loja\/wp-json\/wp\/v2\/comments?post=12502"}],"wp:featuredmedia":[{"embeddable":true,"href":"https:\/\/asbaratas.com.br\/loja\/wp-json\/wp\/v2\/media\/12404"}],"wp:attachment":[{"href":"https:\/\/asbaratas.com.br\/loja\/wp-json\/wp\/v2\/media?parent=12502"}],"wp:term":[{"taxonomy":"product_brand","embeddable":true,"href":"https:\/\/asbaratas.com.br\/loja\/wp-json\/wp\/v2\/product_brand?post=12502"},{"taxonomy":"product_cat","embeddable":true,"href":"https:\/\/asbaratas.com.br\/loja\/wp-json\/wp\/v2\/product_cat?post=12502"},{"taxonomy":"product_tag","embeddable":true,"href":"https:\/\/asbaratas.com.br\/loja\/wp-json\/wp\/v2\/product_tag?post=12502"}],"curies":[{"name":"wp","href":"https:\/\/api.w.org\/{rel}","templated":true}]}}